Last updated on 2025-05-01 14:49:25 CEST.
Flavor | Version | Tinstall | Tcheck | Ttotal | Status | Flags |
---|---|---|---|---|---|---|
r-devel-linux-x86_64-debian-clang | 2.3.0 | 12.48 | 158.99 | 171.47 | NOTE | |
r-devel-linux-x86_64-debian-gcc | 2.3.0 | 8.82 | 104.90 | 113.72 | OK | |
r-devel-linux-x86_64-fedora-clang | 2.3.0 | 277.49 | OK | |||
r-devel-linux-x86_64-fedora-gcc | 2.3.0 | 276.80 | OK | |||
r-devel-windows-x86_64 | 2.3.0 | 15.00 | 174.00 | 189.00 | OK | |
r-patched-linux-x86_64 | 2.3.0 | 12.56 | 165.72 | 178.28 | OK | |
r-release-linux-x86_64 | OK | |||||
r-release-macos-arm64 | 2.3.0 | 63.00 | OK | |||
r-release-macos-x86_64 | 2.3.0 | 173.00 | OK | |||
r-release-windows-x86_64 | 2.3.0 | 15.00 | 313.00 | 328.00 | OK | |
r-oldrel-macos-arm64 | 2.3.0 | 65.00 | OK | |||
r-oldrel-macos-x86_64 | 2.3.0 | 222.00 | OK | |||
r-oldrel-windows-x86_64 | 2.3.0 | 18.00 | 241.00 | 259.00 | OK |
Version: 2.3.0
Check: examples
Result: NOTE
Examples with CPU (user + system) or elapsed time > 5s
user system elapsed
tropical.centroid.MH 8.714 0.083 11.737
trop.Volume 6.134 0.017 8.066
Flavor: r-devel-linux-x86_64-debian-clang
These binaries (installable software) and packages are in development.
They may not be fully stable and should be used with caution. We make no claims about them.