CRAN Package Check Results for Package TNC

Last updated on 2025-10-03 15:50:06 CEST.

Flavor Version Tinstall Tcheck Ttotal Status Flags
r-devel-linux-x86_64-debian-clang 0.1.0 2.21 24.46 26.67 OK
r-devel-linux-x86_64-debian-gcc 0.1.0 1.84 19.61 21.45 OK
r-devel-linux-x86_64-fedora-clang 0.1.0 41.75 OK
r-devel-linux-x86_64-fedora-gcc 0.1.0 36.66 OK
r-devel-windows-x86_64 0.1.0 3.00 43.00 46.00 OK
r-patched-linux-x86_64 0.1.0 2.33 23.02 25.35 OK
r-release-linux-x86_64 0.1.0 2.30 22.86 25.16 OK
r-release-macos-arm64 0.1.0 17.00 OK
r-release-macos-x86_64 0.1.0 29.00 OK
r-release-windows-x86_64 0.1.0 4.00 50.00 54.00 OK
r-oldrel-macos-arm64 0.1.0 16.00 NOTE
r-oldrel-macos-x86_64 0.1.0 26.00 NOTE
r-oldrel-windows-x86_64 0.1.0 4.00 48.00 52.00 NOTE

Check Details

Version: 0.1.0
Check: LazyData
Result: NOTE 'LazyData' is specified without a 'data' directory Flavors: r-oldrel-macos-arm64, r-oldrel-macos-x86_64, r-oldrel-windows-x86_64

These binaries (installable software) and packages are in development.
They may not be fully stable and should be used with caution. We make no claims about them.