Last updated on 2025-11-11 15:50:50 CET.
| Flavor | Version | Tinstall | Tcheck | Ttotal | Status | Flags |
|---|---|---|---|---|---|---|
| r-devel-linux-x86_64-debian-clang | 0.0-6 | 22.63 | 184.67 | 207.30 | NOTE | |
| r-devel-linux-x86_64-debian-gcc | 0.0-6 | 14.67 | 115.08 | 129.75 | NOTE | |
| r-devel-linux-x86_64-fedora-clang | 0.0-6 | 54.00 | 274.77 | 328.77 | OK | |
| r-devel-linux-x86_64-fedora-gcc | 0.0-6 | 47.00 | 267.58 | 314.58 | OK | |
| r-devel-windows-x86_64 | 0.0-6 | 18.00 | 164.00 | 182.00 | OK | |
| r-patched-linux-x86_64 | 0.0-6 | 23.38 | 177.22 | 200.60 | OK | |
| r-release-linux-x86_64 | 0.0-6 | 24.55 | 178.36 | 202.91 | OK | |
| r-release-macos-arm64 | 0.0-6 | 8.00 | 64.00 | 72.00 | OK | |
| r-release-macos-x86_64 | 0.0-6 | 21.00 | 139.00 | 160.00 | OK | |
| r-release-windows-x86_64 | 0.0-6 | 19.00 | 138.00 | 157.00 | OK | |
| r-oldrel-macos-arm64 | 0.0-6 | 8.00 | 63.00 | 71.00 | OK | |
| r-oldrel-macos-x86_64 | 0.0-6 | 16.00 | 99.00 | 115.00 | OK | |
| r-oldrel-windows-x86_64 | 0.0-6 | 29.00 | 214.00 | 243.00 | OK |
Version: 0.0-6
Check: CRAN incoming feasibility
Result: NOTE
Maintainer: ‘Ali Santacruz <amsantac@unal.edu.co>’
No Authors@R field in DESCRIPTION.
Please add one, modifying
Authors@R: c(person(given = c("Robert", "G."),
family = "Pontius",
role = "aut",
email = "rpontius@clarku.edu"),
person(given = "Ali",
family = "Santacruz",
role = c("aut", "cre"),
email = "amsantac@unal.edu.co"),
person(given = "Amin",
family = "Tayyebi",
role = "aut"),
person(given = "Benoit",
family = "Parmentier",
role = "aut"),
person(given = "Kangping",
family = "Si",
role = "aut"))
as necessary.
Flavors: r-devel-linux-x86_64-debian-clang, r-devel-linux-x86_64-debian-gcc
These binaries (installable software) and packages are in development.
They may not be fully stable and should be used with caution. We make no claims about them.