CRAN Package Check Results for Package TOHM

Last updated on 2025-07-22 19:52:03 CEST.

Flavor Version Tinstall Tcheck Ttotal Status Flags
r-devel-linux-x86_64-debian-clang 1.4 7.82 93.67 101.49 NOTE
r-devel-linux-x86_64-debian-gcc 1.4 7.13 63.70 70.83 NOTE
r-devel-linux-x86_64-fedora-clang 1.4 170.68 OK
r-devel-linux-x86_64-fedora-gcc 1.4 153.68 OK
r-devel-windows-x86_64 1.4 9.00 239.00 248.00 OK
r-patched-linux-x86_64 1.4 8.00 90.46 98.46 OK
r-release-linux-x86_64 1.4 9.11 88.34 97.45 OK
r-release-macos-arm64 1.4 50.00 OK
r-release-macos-x86_64 1.4 96.00 OK
r-release-windows-x86_64 1.4 9.00 97.00 106.00 OK
r-oldrel-macos-arm64 1.4 42.00 OK
r-oldrel-macos-x86_64 1.4 62.00 OK
r-oldrel-windows-x86_64 1.4 14.00 123.00 137.00 OK

Check Details

Version: 1.4
Check: CRAN incoming feasibility
Result: NOTE Maintainer: ‘Sara Algeri <salgeri@umn.edu>’ No Authors@R field in DESCRIPTION. Please add one, modifying Authors@R: person(given = "Sara", family = "Algeri", role = c("aut", "cre"), email = "salgeri@umn.edu") as necessary. The Description field contains <arXiv:1803.03858>. Please refer to arXiv e-prints via their arXiv DOI <doi:10.48550/arXiv.YYMM.NNNNN>. Flavors: r-devel-linux-x86_64-debian-clang, r-devel-linux-x86_64-debian-gcc

These binaries (installable software) and packages are in development.
They may not be fully stable and should be used with caution. We make no claims about them.