Last updated on 2025-10-23 17:51:07 CEST.
| Flavor | Version | Tinstall | Tcheck | Ttotal | Status | Flags |
|---|---|---|---|---|---|---|
| r-devel-linux-x86_64-debian-clang | 0.3.0 | 7.52 | 67.24 | 74.76 | OK | |
| r-devel-linux-x86_64-debian-gcc | 0.3.0 | 5.86 | 50.60 | 56.46 | OK | |
| r-devel-linux-x86_64-fedora-clang | 0.3.0 | 21.00 | 101.88 | 122.88 | NOTE | |
| r-devel-linux-x86_64-fedora-gcc | 0.3.0 | 17.00 | 91.56 | 108.56 | NOTE | |
| r-devel-windows-x86_64 | 0.3.0 | 9.00 | 151.00 | 160.00 | OK | |
| r-patched-linux-x86_64 | 0.3.0 | 7.74 | 66.92 | 74.66 | OK | |
| r-release-linux-x86_64 | 0.3.0 | 7.62 | 66.85 | 74.47 | OK | |
| r-release-macos-arm64 | 0.3.0 | 3.00 | 38.00 | 41.00 | OK | |
| r-release-macos-x86_64 | 0.3.0 | 7.00 | 62.00 | 69.00 | OK | |
| r-release-windows-x86_64 | 0.3.0 | 9.00 | 79.00 | 88.00 | OK | |
| r-oldrel-macos-arm64 | 0.3.0 | 4.00 | 33.00 | 37.00 | OK | |
| r-oldrel-macos-x86_64 | 0.3.0 | 5.00 | 48.00 | 53.00 | OK | |
| r-oldrel-windows-x86_64 | 0.3.0 | 12.00 | 96.00 | 108.00 | OK |
Version: 0.3.0
Check: dependencies in R code
Result: NOTE
Namespace in Imports field not imported from: ‘hdi’
All declared Imports should be used.
Flavors: r-devel-linux-x86_64-fedora-clang, r-devel-linux-x86_64-fedora-gcc
These binaries (installable software) and packages are in development.
They may not be fully stable and should be used with caution. We make no claims about them.