Last updated on 2025-07-22 13:49:26 CEST.
Flavor | Version | Tinstall | Tcheck | Ttotal | Status | Flags |
---|---|---|---|---|---|---|
r-devel-linux-x86_64-debian-clang | 0.3.0 | 8.01 | 66.44 | 74.45 | OK | |
r-devel-linux-x86_64-debian-gcc | 0.3.0 | 5.81 | 51.00 | 56.81 | OK | |
r-devel-linux-x86_64-fedora-clang | 0.3.0 | 110.89 | NOTE | |||
r-devel-linux-x86_64-fedora-gcc | 0.3.0 | 106.60 | NOTE | |||
r-devel-windows-x86_64 | 0.3.0 | 8.00 | 201.00 | 209.00 | OK | |
r-patched-linux-x86_64 | 0.3.0 | 8.26 | 66.10 | 74.36 | OK | |
r-release-linux-x86_64 | 0.3.0 | 7.63 | 65.14 | 72.77 | OK | |
r-release-macos-arm64 | 0.3.0 | 41.00 | OK | |||
r-release-macos-x86_64 | 0.3.0 | 69.00 | OK | |||
r-release-windows-x86_64 | 0.3.0 | 9.00 | 80.00 | 89.00 | OK | |
r-oldrel-macos-arm64 | 0.3.0 | 37.00 | OK | |||
r-oldrel-macos-x86_64 | 0.3.0 | 53.00 | OK | |||
r-oldrel-windows-x86_64 | 0.3.0 | 11.00 | 96.00 | 107.00 | OK |
Version: 0.3.0
Check: dependencies in R code
Result: NOTE
Namespace in Imports field not imported from: ‘hdi’
All declared Imports should be used.
Flavors: r-devel-linux-x86_64-fedora-clang, r-devel-linux-x86_64-fedora-gcc
These binaries (installable software) and packages are in development.
They may not be fully stable and should be used with caution. We make no claims about them.