Last updated on 2025-02-16 10:51:02 CET.
Flavor | Version | Tinstall | Tcheck | Ttotal | Status | Flags |
---|---|---|---|---|---|---|
r-devel-linux-x86_64-debian-clang | 0.3.0 | 8.00 | 64.68 | 72.68 | OK | |
r-devel-linux-x86_64-debian-gcc | 0.3.0 | 5.30 | 50.30 | 55.60 | OK | |
r-devel-linux-x86_64-fedora-clang | 0.3.0 | 121.80 | NOTE | |||
r-devel-linux-x86_64-fedora-gcc | 0.3.0 | 108.72 | NOTE | |||
r-devel-macos-arm64 | 0.3.0 | 36.00 | OK | |||
r-devel-macos-x86_64 | 0.3.0 | 68.00 | OK | |||
r-devel-windows-x86_64 | 0.3.0 | 9.00 | 80.00 | 89.00 | OK | |
r-patched-linux-x86_64 | 0.3.0 | 7.38 | 63.79 | 71.17 | OK | |
r-release-linux-x86_64 | 0.3.0 | 7.71 | 63.54 | 71.25 | OK | |
r-release-macos-arm64 | 0.3.0 | 37.00 | OK | |||
r-release-macos-x86_64 | 0.3.0 | 53.00 | OK | |||
r-release-windows-x86_64 | 0.3.0 | 9.00 | 81.00 | 90.00 | OK | |
r-oldrel-macos-arm64 | 0.3.0 | 40.00 | OK | |||
r-oldrel-macos-x86_64 | 0.3.0 | 67.00 | OK | |||
r-oldrel-windows-x86_64 | 0.3.0 | 10.00 | 90.00 | 100.00 | OK |
Version: 0.3.0
Check: dependencies in R code
Result: NOTE
Namespace in Imports field not imported from: ‘hdi’
All declared Imports should be used.
Flavors: r-devel-linux-x86_64-fedora-clang, r-devel-linux-x86_64-fedora-gcc
These binaries (installable software) and packages are in development.
They may not be fully stable and should be used with caution. We make no claims about them.