CRAN Package Check Results for Package TPACData

Last updated on 2025-11-15 17:49:06 CET.

Flavor Version Tinstall Tcheck Ttotal Status Flags
r-devel-linux-x86_64-debian-clang 0.1.0 10.25 18.05 28.30 OK
r-devel-linux-x86_64-debian-gcc 0.1.0 7.06 15.29 22.35 OK
r-devel-linux-x86_64-fedora-clang 0.1.0 23.00 19.84 42.84 OK
r-devel-linux-x86_64-fedora-gcc 0.1.0 23.00 19.96 42.96 OK
r-devel-windows-x86_64 0.1.0 11.00 35.00 46.00 OK
r-patched-linux-x86_64 0.1.0 10.35 17.22 27.57 OK
r-release-linux-x86_64 0.1.0 10.56 17.36 27.92 OK
r-release-macos-arm64 0.1.0 6.00 16.00 22.00 OK
r-release-macos-x86_64 0.1.0 10.00 21.00 31.00 OK
r-release-windows-x86_64 0.1.0 9.00 34.00 43.00 OK
r-oldrel-macos-arm64 0.1.0 7.00 15.00 22.00 NOTE
r-oldrel-macos-x86_64 0.1.0 8.00 20.00 28.00 NOTE
r-oldrel-windows-x86_64 0.1.0 11.00 40.00 51.00 NOTE

Check Details

Version: 0.1.0
Check: installed package size
Result: NOTE installed size is 13.0Mb sub-directories of 1Mb or more: data 13.0Mb Flavors: r-oldrel-macos-arm64, r-oldrel-macos-x86_64, r-oldrel-windows-x86_64

These binaries (installable software) and packages are in development.
They may not be fully stable and should be used with caution. We make no claims about them.