Last updated on 2025-05-01 14:49:25 CEST.
Flavor | Version | Tinstall | Tcheck | Ttotal | Status | Flags |
---|---|---|---|---|---|---|
r-devel-linux-x86_64-debian-clang | 0.8.3 | 1.78 | 38.62 | 40.40 | NOTE | |
r-devel-linux-x86_64-debian-gcc | 0.8.3 | 1.62 | 30.52 | 32.14 | NOTE | |
r-devel-linux-x86_64-fedora-clang | 0.8.3 | 63.72 | NOTE | |||
r-devel-linux-x86_64-fedora-gcc | 0.8.3 | 59.54 | NOTE | |||
r-devel-windows-x86_64 | 0.8.3 | 3.00 | 152.00 | 155.00 | OK | |
r-patched-linux-x86_64 | 0.8.3 | 2.18 | 36.81 | 38.99 | OK | |
r-release-linux-x86_64 | OK | |||||
r-release-macos-arm64 | 0.8.3 | 32.00 | OK | |||
r-release-macos-x86_64 | 0.8.3 | 46.00 | OK | |||
r-release-windows-x86_64 | 0.8.3 | 4.00 | 66.00 | 70.00 | OK | |
r-oldrel-macos-arm64 | 0.8.3 | 30.00 | OK | |||
r-oldrel-macos-x86_64 | 0.8.3 | 45.00 | OK | |||
r-oldrel-windows-x86_64 | 0.8.3 | 4.00 | 71.00 | 75.00 | OK |
Version: 0.8.3
Check: CRAN incoming feasibility
Result: NOTE
Maintainer: ‘Cynthia Shao <cynyu.shao@gmail.com>’
No Authors@R field in DESCRIPTION.
Please add one, modifying
Authors@R: c(person(given = "Cynthia",
family = "Shao",
role = c("aut", "cre"),
email = "cynyu.shao@gmail.com"),
person(given = "Runze",
family = "Li",
role = "aut"))
as necessary.
Flavors: r-devel-linux-x86_64-debian-clang, r-devel-linux-x86_64-debian-gcc
Version: 0.8.3
Check: examples
Result: NOTE
Examples with CPU (user + system) or elapsed time > 5s
user system elapsed
TPC_pl_BIC 5.455 0.218 6.593
TPC_pl 4.547 0.165 6.595
Flavor: r-devel-linux-x86_64-debian-clang
Version: 0.8.3
Check: examples
Result: NA
user system elapsed
TPC_pl_BIC 4.276 0.186 5.242
OK
Flavor: r-devel-linux-x86_64-debian-gcc
Version: 0.8.3
Check: dependencies in R code
Result: NOTE
Namespace in Imports field not imported from: ‘MASS’
All declared Imports should be used.
Flavors: r-devel-linux-x86_64-fedora-clang, r-devel-linux-x86_64-fedora-gcc
These binaries (installable software) and packages are in development.
They may not be fully stable and should be used with caution. We make no claims about them.