Last updated on 2025-05-08 04:52:21 CEST.
Flavor | Version | Tinstall | Tcheck | Ttotal | Status | Flags |
---|---|---|---|---|---|---|
r-devel-linux-x86_64-debian-clang | 1.0.4 | 30.85 | 69.36 | 100.21 | OK | |
r-devel-linux-x86_64-debian-gcc | 1.0.4 | 26.03 | 52.11 | 78.14 | OK | |
r-devel-linux-x86_64-fedora-clang | 1.0.4 | 148.99 | OK | |||
r-devel-linux-x86_64-fedora-gcc | 1.0.4 | 168.62 | OK | |||
r-devel-windows-x86_64 | 1.0.4 | 32.00 | 241.00 | 273.00 | OK | |
r-patched-linux-x86_64 | 1.0.4 | 24.18 | 68.57 | 92.75 | OK | |
r-release-linux-x86_64 | 1.0.4 | 26.33 | 69.42 | 95.75 | OK | |
r-release-macos-arm64 | 1.0.4 | 73.00 | OK | |||
r-release-macos-x86_64 | 1.0.4 | 119.00 | OK | |||
r-release-windows-x86_64 | 1.0.4 | 33.00 | 180.00 | 213.00 | OK | |
r-oldrel-macos-arm64 | 1.0.4 | 69.00 | NOTE | |||
r-oldrel-macos-x86_64 | 1.0.4 | 92.00 | NOTE | |||
r-oldrel-windows-x86_64 | 1.0.4 | 38.00 | 108.00 | 146.00 | OK |
Version: 1.0.4
Check: installed package size
Result: NOTE
installed size is 5.3Mb
sub-directories of 1Mb or more:
data 5.1Mb
Flavors: r-oldrel-macos-arm64, r-oldrel-macos-x86_64
These binaries (installable software) and packages are in development.
They may not be fully stable and should be used with caution. We make no claims about them.