Last updated on 2024-07-27 15:50:36 CEST.
Flavor | Version | Tinstall | Tcheck | Ttotal | Status | Flags |
---|---|---|---|---|---|---|
r-devel-linux-x86_64-debian-clang | 0.9.22 | 11.83 | 112.87 | 124.70 | OK | |
r-devel-linux-x86_64-debian-gcc | 0.9.22 | OK | ||||
r-devel-linux-x86_64-fedora-clang | 0.9.22 | 162.04 | NOTE | |||
r-devel-linux-x86_64-fedora-gcc | 0.9.22 | 162.17 | NOTE | |||
r-devel-windows-x86_64 | 0.9.22 | 12.00 | 142.00 | 154.00 | OK | |
r-patched-linux-x86_64 | 0.9.22 | OK | ||||
r-release-linux-x86_64 | 0.9.22 | 8.37 | 109.65 | 118.02 | OK | |
r-release-macos-arm64 | 0.9.22 | 52.00 | OK | |||
r-release-macos-x86_64 | 0.9.22 | 84.00 | OK | |||
r-release-windows-x86_64 | 0.9.22 | 12.00 | 142.00 | 154.00 | OK | |
r-oldrel-macos-arm64 | 0.9.22 | 61.00 | OK | |||
r-oldrel-macos-x86_64 | 0.9.22 | 85.00 | OK | |||
r-oldrel-windows-x86_64 | 0.9.22 | 17.00 | 151.00 | 168.00 | OK |
Version: 0.9.22
Check: data for non-ASCII characters
Result: NOTE
Note: found 153 marked Latin-1 strings
Note: found 108 marked UTF-8 strings
Flavors: r-devel-linux-x86_64-fedora-clang, r-devel-linux-x86_64-fedora-gcc
These binaries (installable software) and packages are in development.
They may not be fully stable and should be used with caution. We make no claims about them.