Last updated on 2025-05-01 08:52:49 CEST.
Flavor | Version | Tinstall | Tcheck | Ttotal | Status | Flags |
---|---|---|---|---|---|---|
r-devel-linux-x86_64-debian-clang | 1.0.0 | 9.37 | 579.09 | 588.46 | NOTE | |
r-devel-linux-x86_64-debian-gcc | 1.0.0 | 6.41 | 383.68 | 390.09 | NOTE | |
r-devel-linux-x86_64-fedora-clang | 1.0.0 | 1036.99 | OK | |||
r-devel-linux-x86_64-fedora-gcc | 1.0.0 | 910.94 | OK | |||
r-devel-windows-x86_64 | 1.0.0 | 10.00 | 678.00 | 688.00 | OK | |
r-patched-linux-x86_64 | 1.0.0 | 9.15 | 563.57 | 572.72 | OK | |
r-release-linux-x86_64 | OK | |||||
r-release-macos-arm64 | 1.0.0 | 339.00 | OK | |||
r-release-macos-x86_64 | 1.0.0 | 626.00 | OK | |||
r-release-windows-x86_64 | 1.0.0 | 12.00 | 531.00 | 543.00 | OK | |
r-oldrel-macos-arm64 | 1.0.0 | 254.00 | OK | |||
r-oldrel-macos-x86_64 | 1.0.0 | 424.00 | OK | |||
r-oldrel-windows-x86_64 | 1.0.0 | 13.00 | 785.00 | 798.00 | OK |
Version: 1.0.0
Check: CRAN incoming feasibility
Result: NOTE
Maintainer: ‘Jasin Machkour <jasin.machkour@tu-darmstadt.de>’
The Description field contains
(2022) <arXiv:2110.06048>.
Please refer to arXiv e-prints via their arXiv DOI <doi:10.48550/arXiv.YYMM.NNNNN>.
Flavors: r-devel-linux-x86_64-debian-clang, r-devel-linux-x86_64-debian-gcc
These binaries (installable software) and packages are in development.
They may not be fully stable and should be used with caution. We make no claims about them.