Last updated on 2025-11-12 11:51:30 CET.
| Flavor | Version | Tinstall | Tcheck | Ttotal | Status | Flags |
|---|---|---|---|---|---|---|
| r-devel-linux-x86_64-debian-clang | 1.0.0 | 8.50 | 573.54 | 582.04 | NOTE | |
| r-devel-linux-x86_64-debian-gcc | 1.0.0 | 6.90 | 373.01 | 379.91 | NOTE | |
| r-devel-linux-x86_64-fedora-clang | 1.0.0 | 60.00 | 950.28 | 1010.28 | OK | |
| r-devel-linux-x86_64-fedora-gcc | 1.0.0 | 19.00 | 892.53 | 911.53 | OK | |
| r-devel-windows-x86_64 | 1.0.0 | 11.00 | 523.00 | 534.00 | OK | |
| r-patched-linux-x86_64 | 1.0.0 | 7.73 | 559.02 | 566.75 | OK | |
| r-release-linux-x86_64 | 1.0.0 | 8.44 | 557.07 | 565.51 | OK | |
| r-release-macos-arm64 | 1.0.0 | 5.00 | 334.00 | 339.00 | OK | |
| r-release-macos-x86_64 | 1.0.0 | 9.00 | 617.00 | 626.00 | OK | |
| r-release-windows-x86_64 | 1.0.0 | 10.00 | 542.00 | 552.00 | OK | |
| r-oldrel-macos-arm64 | 1.0.0 | 5.00 | 249.00 | 254.00 | OK | |
| r-oldrel-macos-x86_64 | 1.0.0 | 6.00 | 418.00 | 424.00 | OK | |
| r-oldrel-windows-x86_64 | 1.0.0 | 14.00 | 614.00 | 628.00 | OK |
Version: 1.0.0
Check: CRAN incoming feasibility
Result: NOTE
Maintainer: ‘Jasin Machkour <jasin.machkour@tu-darmstadt.de>’
The Description field contains
(2022) <arXiv:2110.06048>.
Please refer to arXiv e-prints via their arXiv DOI <doi:10.48550/arXiv.YYMM.NNNNN>.
Flavors: r-devel-linux-x86_64-debian-clang, r-devel-linux-x86_64-debian-gcc
These binaries (installable software) and packages are in development.
They may not be fully stable and should be used with caution. We make no claims about them.