Last updated on 2024-07-27 15:50:36 CEST.
Flavor | Version | Tinstall | Tcheck | Ttotal | Status | Flags |
---|---|---|---|---|---|---|
r-devel-linux-x86_64-debian-clang | 1.3.1 | 10.94 | 121.78 | 132.72 | NOTE | |
r-devel-linux-x86_64-debian-gcc | 1.3.1 | NOTE | ||||
r-devel-linux-x86_64-fedora-clang | 1.3.1 | 174.99 | NOTE | |||
r-devel-linux-x86_64-fedora-gcc | 1.3.1 | 156.41 | NOTE | |||
r-devel-windows-x86_64 | 1.3.1 | 13.00 | 125.00 | 138.00 | NOTE | |
r-patched-linux-x86_64 | 1.3.1 | NOTE | ||||
r-release-linux-x86_64 | 1.3.1 | 12.32 | 114.70 | 127.02 | NOTE | |
r-release-macos-arm64 | 1.3.1 | 50.00 | NOTE | |||
r-release-macos-x86_64 | 1.3.1 | 91.00 | NOTE | |||
r-release-windows-x86_64 | 1.3.1 | 12.00 | 124.00 | 136.00 | NOTE | |
r-oldrel-macos-arm64 | 1.3.1 | 52.00 | OK | |||
r-oldrel-macos-x86_64 | 1.3.1 | 84.00 | OK | |||
r-oldrel-windows-x86_64 | 1.3.1 | 15.00 | 150.00 | 165.00 | OK |
Version: 1.3.1
Check: Rd files
Result: NOTE
checkRd: (-1) summary.armasubsets.Rd:16: Lost braces
16 | \item{matrix.logical}{With matrix=TRUE, the matrix is logical TRUE/FALSE or string "*"/code{" "}}
| ^
Flavors: r-devel-linux-x86_64-debian-clang, r-devel-linux-x86_64-debian-gcc, r-devel-linux-x86_64-fedora-clang, r-devel-linux-x86_64-fedora-gcc, r-devel-windows-x86_64, r-patched-linux-x86_64, r-release-linux-x86_64, r-release-macos-arm64, r-release-macos-x86_64, r-release-windows-x86_64
Version: 1.3.1
Check: dependencies in R code
Result: NOTE
Namespace in Imports field not imported from: ‘tseries’
All declared Imports should be used.
Flavors: r-devel-linux-x86_64-fedora-clang, r-devel-linux-x86_64-fedora-gcc
These binaries (installable software) and packages are in development.
They may not be fully stable and should be used with caution. We make no claims about them.