Last updated on 2025-05-01 14:49:25 CEST.
Flavor | Version | Tinstall | Tcheck | Ttotal | Status | Flags |
---|---|---|---|---|---|---|
r-devel-linux-x86_64-debian-clang | 3.0.4 | 8.47 | 92.48 | 100.95 | NOTE | |
r-devel-linux-x86_64-debian-gcc | 3.0.4 | 7.25 | 61.70 | 68.95 | NOTE | |
r-devel-linux-x86_64-fedora-clang | 3.0.4 | 169.15 | OK | |||
r-devel-linux-x86_64-fedora-gcc | 3.0.4 | 164.86 | OK | |||
r-devel-windows-x86_64 | 3.0.4 | 10.00 | 240.00 | 250.00 | OK | |
r-patched-linux-x86_64 | 3.0.4 | 9.07 | 88.19 | 97.26 | OK | |
r-release-linux-x86_64 | OK | |||||
r-release-macos-arm64 | 3.0.4 | 70.00 | OK | |||
r-release-macos-x86_64 | 3.0.4 | 92.00 | OK | |||
r-release-windows-x86_64 | 3.0.4 | 10.00 | 98.00 | 108.00 | OK | |
r-oldrel-macos-arm64 | 3.0.4 | 46.00 | OK | |||
r-oldrel-macos-x86_64 | 3.0.4 | 84.00 | OK | |||
r-oldrel-windows-x86_64 | 3.0.4 | 13.00 | 123.00 | 136.00 | OK |
Version: 3.0.4
Check: CRAN incoming feasibility
Result: NOTE
Maintainer: ‘David Carl <david.carl@phd.unibocconi.it>’
The Description field contains
Variables" <arXiv:2203.12808>. The vignette is available in Carl,
<arXiv:2304.00513>.
Please refer to arXiv e-prints via their arXiv DOI <doi:10.48550/arXiv.YYMM.NNNNN>.
Flavors: r-devel-linux-x86_64-debian-clang, r-devel-linux-x86_64-debian-gcc
These binaries (installable software) and packages are in development.
They may not be fully stable and should be used with caution. We make no claims about them.