CRAN Package Check Results for Package TSE

Last updated on 2025-05-01 14:49:25 CEST.

Flavor Version Tinstall Tcheck Ttotal Status Flags
r-devel-linux-x86_64-debian-clang 0.1.0 2.39 20.53 22.92 OK
r-devel-linux-x86_64-debian-gcc 0.1.0 1.75 16.16 17.91 OK
r-devel-linux-x86_64-fedora-clang 0.1.0 35.47 NOTE
r-devel-linux-x86_64-fedora-gcc 0.1.0 33.60 NOTE
r-devel-windows-x86_64 0.1.0 3.00 202.00 205.00 OK
r-patched-linux-x86_64 0.1.0 2.43 19.52 21.95 OK
r-release-linux-x86_64 OK
r-release-macos-arm64 0.1.0 17.00 OK
r-release-macos-x86_64 0.1.0 24.00 OK
r-release-windows-x86_64 0.1.0 4.00 44.00 48.00 OK
r-oldrel-macos-arm64 0.1.0 15.00 OK
r-oldrel-macos-x86_64 0.1.0 21.00 OK
r-oldrel-windows-x86_64 0.1.0 4.00 46.00 50.00 OK

Check Details

Version: 0.1.0
Check: dependencies in R code
Result: NOTE Namespace in Imports field not imported from: ‘stats’ All declared Imports should be used. Flavors: r-devel-linux-x86_64-fedora-clang, r-devel-linux-x86_64-fedora-gcc

These binaries (installable software) and packages are in development.
They may not be fully stable and should be used with caution. We make no claims about them.