Last updated on 2025-05-01 14:49:25 CEST.
Flavor | Version | Tinstall | Tcheck | Ttotal | Status | Flags |
---|---|---|---|---|---|---|
r-devel-linux-x86_64-debian-clang | 0.1.3 | 15.38 | 141.31 | 156.69 | NOTE | |
r-devel-linux-x86_64-debian-gcc | 0.1.3 | 11.90 | 103.96 | 115.86 | OK | |
r-devel-linux-x86_64-fedora-clang | 0.1.3 | 233.88 | OK | |||
r-devel-linux-x86_64-fedora-gcc | 0.1.3 | 230.68 | OK | |||
r-devel-windows-x86_64 | 0.1.3 | 16.00 | 725.00 | 741.00 | OK | |
r-patched-linux-x86_64 | 0.1.3 | 15.48 | 134.34 | 149.82 | OK | |
r-release-linux-x86_64 | OK | |||||
r-release-macos-arm64 | 0.1.3 | 315.00 | OK | |||
r-release-macos-x86_64 | 0.1.3 | 654.00 | OK | |||
r-release-windows-x86_64 | 0.1.3 | 17.00 | 609.00 | 626.00 | OK | |
r-oldrel-macos-arm64 | 0.1.3 | 282.00 | OK | |||
r-oldrel-macos-x86_64 | 0.1.3 | 513.00 | OK | |||
r-oldrel-windows-x86_64 | 0.1.3 | 20.00 | 803.00 | 823.00 | OK |
Version: 0.1.3
Check: examples
Result: NOTE
Examples with CPU (user + system) or elapsed time > 5s
user system elapsed
extractSubset 2.114 0.151 12.003
Flavor: r-devel-linux-x86_64-debian-clang
Version: 0.1.3
Check: examples
Result: NA
user system elapsed
extractSubset 1.776 0.12 9.036
OK
Flavor: r-devel-linux-x86_64-debian-gcc
These binaries (installable software) and packages are in development.
They may not be fully stable and should be used with caution. We make no claims about them.