CRAN Package Check Results for Package TSEind

Last updated on 2025-05-08 04:52:21 CEST.

Flavor Version Tinstall Tcheck Ttotal Status Flags
r-devel-linux-x86_64-debian-clang 0.1.0 2.27 19.52 21.79 OK
r-devel-linux-x86_64-debian-gcc 0.1.0 1.68 15.63 17.31 OK
r-devel-linux-x86_64-fedora-clang 0.1.0 34.09 NOTE
r-devel-linux-x86_64-fedora-gcc 0.1.0 32.71 NOTE
r-devel-windows-x86_64 0.1.0 3.00 85.00 88.00 OK
r-patched-linux-x86_64 0.1.0 2.28 18.78 21.06 OK
r-release-linux-x86_64 0.1.0 1.98 18.92 20.90 OK
r-release-macos-arm64 0.1.0 16.00 OK
r-release-macos-x86_64 0.1.0 23.00 OK
r-release-windows-x86_64 0.1.0 4.00 43.00 47.00 OK
r-oldrel-macos-arm64 0.1.0 15.00 OK
r-oldrel-macos-x86_64 0.1.0 21.00 OK
r-oldrel-windows-x86_64 0.1.0 3.00 46.00 49.00 OK

Check Details

Version: 0.1.0
Check: dependencies in R code
Result: NOTE Namespace in Imports field not imported from: ‘stats’ All declared Imports should be used. Flavors: r-devel-linux-x86_64-fedora-clang, r-devel-linux-x86_64-fedora-gcc

These binaries (installable software) and packages are in development.
They may not be fully stable and should be used with caution. We make no claims about them.