CRAN Package Check Results for Package TSEind

Last updated on 2025-02-23 01:51:57 CET.

Flavor Version Tinstall Tcheck Ttotal Status Flags
r-devel-linux-x86_64-debian-clang 0.1.0 2.16 19.22 21.38 OK
r-devel-linux-x86_64-debian-gcc 0.1.0 1.71 15.25 16.96 OK
r-devel-linux-x86_64-fedora-clang 0.1.0 36.23 NOTE
r-devel-linux-x86_64-fedora-gcc 0.1.0 31.99 NOTE
r-devel-macos-arm64 0.1.0 15.00 OK
r-devel-macos-x86_64 0.1.0 24.00 OK
r-devel-windows-x86_64 0.1.0 4.00 155.00 159.00 OK
r-patched-linux-x86_64 0.1.0 1.89 18.17 20.06 OK
r-release-linux-x86_64 0.1.0 1.91 18.41 20.32 OK
r-release-macos-arm64 0.1.0 15.00 OK
r-release-macos-x86_64 0.1.0 21.00 OK
r-release-windows-x86_64 0.1.0 3.00 113.00 116.00 OK
r-oldrel-macos-arm64 0.1.0 16.00 OK
r-oldrel-macos-x86_64 0.1.0 21.00 OK
r-oldrel-windows-x86_64 0.1.0 3.00 161.00 164.00 OK

Check Details

Version: 0.1.0
Check: dependencies in R code
Result: NOTE Namespace in Imports field not imported from: ‘stats’ All declared Imports should be used. Flavors: r-devel-linux-x86_64-fedora-clang, r-devel-linux-x86_64-fedora-gcc

These binaries (installable software) and packages are in development.
They may not be fully stable and should be used with caution. We make no claims about them.