Last updated on 2025-10-28 13:50:38 CET.
| Flavor | Version | Tinstall | Tcheck | Ttotal | Status | Flags |
|---|---|---|---|---|---|---|
| r-devel-linux-x86_64-debian-clang | 0.1.0 | 2.30 | 21.39 | 23.69 | OK | |
| r-devel-linux-x86_64-debian-gcc | 0.1.0 | 1.73 | 17.34 | 19.07 | OK | |
| r-devel-linux-x86_64-fedora-clang | 0.1.0 | 35.00 | NOTE | |||
| r-devel-linux-x86_64-fedora-gcc | 0.1.0 | 33.78 | NOTE | |||
| r-devel-windows-x86_64 | 0.1.0 | 4.00 | 131.00 | 135.00 | OK | |
| r-patched-linux-x86_64 | 0.1.0 | 2.48 | 20.49 | 22.97 | OK | |
| r-release-linux-x86_64 | 0.1.0 | 1.99 | 20.43 | 22.42 | OK | |
| r-release-macos-arm64 | 0.1.0 | 2.00 | 14.00 | 16.00 | OK | |
| r-release-macos-x86_64 | 0.1.0 | 2.00 | 21.00 | 23.00 | OK | |
| r-release-windows-x86_64 | 0.1.0 | 3.00 | 66.00 | 69.00 | OK | |
| r-oldrel-macos-arm64 | 0.1.0 | 1.00 | 14.00 | 15.00 | OK | |
| r-oldrel-macos-x86_64 | 0.1.0 | 2.00 | 19.00 | 21.00 | OK | |
| r-oldrel-windows-x86_64 | 0.1.0 | 4.00 | 48.00 | 52.00 | OK |
Version: 0.1.0
Check: dependencies in R code
Result: NOTE
Namespace in Imports field not imported from: ‘stats’
All declared Imports should be used.
Flavors: r-devel-linux-x86_64-fedora-clang, r-devel-linux-x86_64-fedora-gcc
These binaries (installable software) and packages are in development.
They may not be fully stable and should be used with caution. We make no claims about them.