CRAN Package Check Results for Package TSEntropies

Last updated on 2025-11-12 23:51:03 CET.

Flavor Version Tinstall Tcheck Ttotal Status Flags
r-devel-linux-x86_64-debian-clang 0.9 3.32 25.51 28.83 OK
r-devel-linux-x86_64-debian-gcc 0.9 2.50 19.54 22.04 OK
r-devel-linux-x86_64-fedora-clang 0.9 42.48 OK
r-devel-linux-x86_64-fedora-gcc 0.9 39.83 OK
r-devel-windows-x86_64 0.9 9.00 62.00 71.00 OK
r-patched-linux-x86_64 0.9 3.02 23.41 26.43 OK
r-release-linux-x86_64 0.9 2.86 23.40 26.26 OK
r-release-macos-arm64 0.9 3.00 19.00 22.00 OK
r-release-macos-x86_64 0.9 4.00 38.00 42.00 OK
r-release-windows-x86_64 0.9 8.00 47.00 55.00 OK
r-oldrel-macos-arm64 0.9 3.00 17.00 20.00 NOTE
r-oldrel-macos-x86_64 0.9 4.00 28.00 32.00 NOTE
r-oldrel-windows-x86_64 0.9 7.00 130.00 137.00 NOTE

Check Details

Version: 0.9
Check: LazyData
Result: NOTE 'LazyData' is specified without a 'data' directory Flavors: r-oldrel-macos-arm64, r-oldrel-macos-x86_64, r-oldrel-windows-x86_64

These binaries (installable software) and packages are in development.
They may not be fully stable and should be used with caution. We make no claims about them.