CRAN Package Check Results for Package TSEwgt

Last updated on 2025-10-28 03:50:28 CET.

Flavor Version Tinstall Tcheck Ttotal Status Flags
r-devel-linux-x86_64-debian-clang 0.1.0 2.40 21.74 24.14 OK
r-devel-linux-x86_64-debian-gcc 0.1.0 1.72 17.37 19.09 OK
r-devel-linux-x86_64-fedora-clang 0.1.0 34.99 NOTE
r-devel-linux-x86_64-fedora-gcc 0.1.0 33.67 NOTE
r-devel-windows-x86_64 0.1.0 4.00 120.00 124.00 OK
r-patched-linux-x86_64 0.1.0 2.44 20.48 22.92 OK
r-release-linux-x86_64 0.1.0 2.14 20.76 22.90 OK
r-release-macos-arm64 0.1.0 1.00 17.00 18.00 OK
r-release-macos-x86_64 0.1.0 2.00 22.00 24.00 OK
r-release-windows-x86_64 0.1.0 3.00 64.00 67.00 OK
r-oldrel-macos-arm64 0.1.0 1.00 14.00 15.00 OK
r-oldrel-macos-x86_64 0.1.0 2.00 20.00 22.00 OK
r-oldrel-windows-x86_64 0.1.0 4.00 47.00 51.00 OK

Check Details

Version: 0.1.0
Check: dependencies in R code
Result: NOTE Namespace in Imports field not imported from: ‘stats’ All declared Imports should be used. Flavors: r-devel-linux-x86_64-fedora-clang, r-devel-linux-x86_64-fedora-gcc

These binaries (installable software) and packages are in development.
They may not be fully stable and should be used with caution. We make no claims about them.