Last updated on 2025-07-19 13:50:29 CEST.
Flavor | Version | Tinstall | Tcheck | Ttotal | Status | Flags |
---|---|---|---|---|---|---|
r-devel-linux-x86_64-debian-clang | 0.1.1 | 7.20 | 70.70 | 77.90 | NOTE | |
r-devel-linux-x86_64-debian-gcc | 0.1.1 | 4.87 | 49.03 | 53.90 | NOTE | |
r-devel-linux-x86_64-fedora-clang | 0.1.1 | 117.89 | OK | |||
r-devel-linux-x86_64-fedora-gcc | 0.1.1 | 110.64 | OK | |||
r-devel-windows-x86_64 | 0.1.1 | 7.00 | 219.00 | 226.00 | OK | |
r-patched-linux-x86_64 | 0.1.1 | 5.83 | 65.65 | 71.48 | OK | |
r-release-linux-x86_64 | 0.1.1 | 5.79 | 63.46 | 69.25 | OK | |
r-release-macos-arm64 | 0.1.1 | 34.00 | OK | |||
r-release-macos-x86_64 | 0.1.1 | 64.00 | OK | |||
r-release-windows-x86_64 | 0.1.1 | 7.00 | 92.00 | 99.00 | OK | |
r-oldrel-macos-arm64 | 0.1.1 | 34.00 | NOTE | |||
r-oldrel-macos-x86_64 | 0.1.1 | 54.00 | NOTE | |||
r-oldrel-windows-x86_64 | 0.1.1 | 10.00 | 101.00 | 111.00 | NOTE |
Version: 0.1.1
Check: CRAN incoming feasibility
Result: NOTE
Maintainer: ‘Dr. Ranjit Kumar Paul <ranjitstat@gmail.com>’
No Authors@R field in DESCRIPTION.
Please add one, modifying
Authors@R: c(person(given = "Sandipan",
family = "Samanta",
role = "aut"),
person(given = c("Ranjit", "Kumar"),
family = "Paul",
role = "aut"),
person(given = "Dipankar",
family = "Mitra",
role = "aut"),
person(given = c("Dr.", "Ranjit", "Kumar"),
family = "Paul",
role = "cre",
email = "ranjitstat@gmail.com"))
as necessary.
Flavors: r-devel-linux-x86_64-debian-clang, r-devel-linux-x86_64-debian-gcc
Version: 0.1.1
Check: LazyData
Result: NOTE
'LazyData' is specified without a 'data' directory
Flavors: r-oldrel-macos-arm64, r-oldrel-macos-x86_64, r-oldrel-windows-x86_64
These binaries (installable software) and packages are in development.
They may not be fully stable and should be used with caution. We make no claims about them.