CRAN Package Check Results for Package TSMSN

Last updated on 2025-11-11 15:50:51 CET.

Flavor Version Tinstall Tcheck Ttotal Status Flags
r-devel-linux-x86_64-debian-clang 0.0.1 3.09 24.48 27.57 OK
r-devel-linux-x86_64-debian-gcc 0.0.1 1.95 19.19 21.14 OK
r-devel-linux-x86_64-fedora-clang 0.0.1 42.42 OK
r-devel-linux-x86_64-fedora-gcc 0.0.1 40.05 OK
r-devel-windows-x86_64 0.0.1 5.00 53.00 58.00 OK
r-patched-linux-x86_64 0.0.1 2.63 23.66 26.29 OK
r-release-linux-x86_64 0.0.1 2.16 23.86 26.02 OK
r-release-macos-arm64 0.0.1 3.00 25.00 28.00 OK
r-release-macos-x86_64 0.0.1 3.00 27.00 30.00 OK
r-release-windows-x86_64 0.0.1 4.00 43.00 47.00 OK
r-oldrel-macos-arm64 0.0.1 2.00 17.00 19.00 NOTE
r-oldrel-macos-x86_64 0.0.1 3.00 24.00 27.00 NOTE
r-oldrel-windows-x86_64 0.0.1 5.00 49.00 54.00 NOTE

Check Details

Version: 0.0.1
Check: LazyData
Result: NOTE 'LazyData' is specified without a 'data' directory Flavors: r-oldrel-macos-arm64, r-oldrel-macos-x86_64, r-oldrel-windows-x86_64

These binaries (installable software) and packages are in development.
They may not be fully stable and should be used with caution. We make no claims about them.