Last updated on 2025-02-16 10:51:02 CET.
Flavor | Version | Tinstall | Tcheck | Ttotal | Status | Flags |
---|---|---|---|---|---|---|
r-devel-linux-x86_64-debian-clang | 0.0.1 | 2.90 | 22.63 | 25.53 | OK | |
r-devel-linux-x86_64-debian-gcc | 0.0.1 | 1.89 | 18.24 | 20.13 | OK | |
r-devel-linux-x86_64-fedora-clang | 0.0.1 | 44.30 | OK | |||
r-devel-linux-x86_64-fedora-gcc | 0.0.1 | 39.04 | OK | |||
r-devel-macos-arm64 | 0.0.1 | 20.00 | OK | |||
r-devel-macos-x86_64 | 0.0.1 | 35.00 | OK | |||
r-devel-windows-x86_64 | 0.0.1 | 5.00 | 44.00 | 49.00 | OK | |
r-patched-linux-x86_64 | 0.0.1 | 2.71 | 21.72 | 24.43 | NOTE | |
r-release-linux-x86_64 | 0.0.1 | 2.90 | 21.85 | 24.75 | NOTE | |
r-release-macos-arm64 | 0.0.1 | 19.00 | NOTE | |||
r-release-macos-x86_64 | 0.0.1 | 27.00 | NOTE | |||
r-release-windows-x86_64 | 0.0.1 | 4.00 | 224.00 | 228.00 | NOTE | |
r-oldrel-macos-arm64 | 0.0.1 | 20.00 | NOTE | |||
r-oldrel-macos-x86_64 | 0.0.1 | 24.00 | NOTE | |||
r-oldrel-windows-x86_64 | 0.0.1 | 5.00 | 67.00 | 72.00 | NOTE |
Version: 0.0.1
Check: LazyData
Result: NOTE
'LazyData' is specified without a 'data' directory
Flavors: r-patched-linux-x86_64, r-release-linux-x86_64, r-release-macos-arm64, r-release-macos-x86_64, r-release-windows-x86_64, r-oldrel-macos-arm64, r-oldrel-macos-x86_64, r-oldrel-windows-x86_64
These binaries (installable software) and packages are in development.
They may not be fully stable and should be used with caution. We make no claims about them.