CRAN Package Check Results for Package TSMSN

Last updated on 2025-07-02 03:50:55 CEST.

Flavor Version Tinstall Tcheck Ttotal Status Flags
r-devel-linux-x86_64-debian-clang 0.0.1 3.02 24.07 27.09 OK
r-devel-linux-x86_64-debian-gcc 0.0.1 2.33 18.51 20.84 OK
r-devel-linux-x86_64-fedora-clang 0.0.1 44.17 OK
r-devel-linux-x86_64-fedora-gcc 0.0.1 39.35 OK
r-devel-windows-x86_64 0.0.1 4.00 44.00 48.00 OK
r-patched-linux-x86_64 OK
r-release-linux-x86_64 0.0.1 2.86 22.38 25.24 OK
r-release-macos-arm64 0.0.1 28.00 OK
r-release-macos-x86_64 0.0.1 30.00 OK
r-release-windows-x86_64 0.0.1 4.00 44.00 48.00 OK
r-oldrel-macos-arm64 0.0.1 19.00 NOTE
r-oldrel-macos-x86_64 0.0.1 27.00 NOTE
r-oldrel-windows-x86_64 0.0.1 5.00 48.00 53.00 NOTE

Check Details

Version: 0.0.1
Check: LazyData
Result: NOTE 'LazyData' is specified without a 'data' directory Flavors: r-oldrel-macos-arm64, r-oldrel-macos-x86_64, r-oldrel-windows-x86_64

These binaries (installable software) and packages are in development.
They may not be fully stable and should be used with caution. We make no claims about them.