Last updated on 2025-02-02 18:50:36 CET.
Flavor | Version | Tinstall | Tcheck | Ttotal | Status | Flags |
---|---|---|---|---|---|---|
r-devel-linux-x86_64-debian-clang | 0.1.0 | 13.25 | 95.77 | 109.02 | OK | |
r-devel-linux-x86_64-debian-gcc | 0.1.0 | 7.69 | 70.88 | 78.57 | OK | |
r-devel-linux-x86_64-fedora-clang | 0.1.0 | 181.92 | NOTE | |||
r-devel-linux-x86_64-fedora-gcc | 0.1.0 | 165.97 | NOTE | |||
r-devel-windows-x86_64 | 0.1.0 | 13.00 | 98.00 | 111.00 | OK | |
r-patched-linux-x86_64 | 0.1.0 | 9.97 | 88.88 | 98.85 | OK | |
r-release-linux-x86_64 | 0.1.0 | 11.83 | 89.08 | 100.91 | OK | |
r-release-macos-arm64 | 0.1.0 | 48.00 | OK | |||
r-release-macos-x86_64 | 0.1.0 | 69.00 | OK | |||
r-release-windows-x86_64 | 0.1.0 | 13.00 | 97.00 | 110.00 | OK | |
r-oldrel-macos-arm64 | 0.1.0 | 54.00 | OK | |||
r-oldrel-macos-x86_64 | 0.1.0 | 64.00 | OK | |||
r-oldrel-windows-x86_64 | 0.1.0 | 16.00 | 123.00 | 139.00 | OK |
Version: 0.1.0
Check: dependencies in R code
Result: NOTE
Namespaces in Imports field not imported from:
‘reticulate’ ‘tensorflow’
All declared Imports should be used.
Flavors: r-devel-linux-x86_64-fedora-clang, r-devel-linux-x86_64-fedora-gcc
These binaries (installable software) and packages are in development.
They may not be fully stable and should be used with caution. We make no claims about them.