Last updated on 2025-10-23 11:50:33 CEST.
Flavor | Version | Tinstall | Tcheck | Ttotal | Status | Flags |
---|---|---|---|---|---|---|
r-devel-linux-x86_64-debian-clang | 0.1.0 | 13.79 | 117.34 | 131.13 | OK | |
r-devel-linux-x86_64-debian-gcc | 0.1.0 | 10.62 | 84.37 | 94.99 | OK | |
r-devel-linux-x86_64-fedora-clang | 0.1.0 | 58.00 | 155.06 | 213.06 | NOTE | |
r-devel-linux-x86_64-fedora-gcc | 0.1.0 | 28.00 | 165.02 | 193.02 | NOTE | |
r-devel-windows-x86_64 | 0.1.0 | 15.00 | 112.00 | 127.00 | OK | |
r-patched-linux-x86_64 | 0.1.0 | 11.50 | 108.84 | 120.34 | OK | |
r-release-linux-x86_64 | 0.1.0 | 13.31 | 111.70 | 125.01 | OK | |
r-release-macos-arm64 | 0.1.0 | 6.00 | 43.00 | 49.00 | OK | |
r-release-macos-x86_64 | 0.1.0 | 11.00 | 95.00 | 106.00 | OK | |
r-release-windows-x86_64 | 0.1.0 | 14.00 | 110.00 | 124.00 | OK | |
r-oldrel-macos-arm64 | 0.1.0 | 6.00 | 42.00 | 48.00 | OK | |
r-oldrel-macos-x86_64 | 0.1.0 | 9.00 | 60.00 | 69.00 | OK | |
r-oldrel-windows-x86_64 | 0.1.0 | 20.00 | 144.00 | 164.00 | OK |
Version: 0.1.0
Check: dependencies in R code
Result: NOTE
Namespaces in Imports field not imported from:
‘reticulate’ ‘tensorflow’
All declared Imports should be used.
Flavors: r-devel-linux-x86_64-fedora-clang, r-devel-linux-x86_64-fedora-gcc
These binaries (installable software) and packages are in development.
They may not be fully stable and should be used with caution. We make no claims about them.