Last updated on 2025-07-22 17:50:48 CEST.
Flavor | Version | Tinstall | Tcheck | Ttotal | Status | Flags |
---|---|---|---|---|---|---|
r-devel-linux-x86_64-debian-clang | 0.1.0 | 12.32 | 104.92 | 117.24 | OK | |
r-devel-linux-x86_64-debian-gcc | 0.1.0 | 8.66 | 74.16 | 82.82 | OK | |
r-devel-linux-x86_64-fedora-clang | 0.1.0 | 185.21 | NOTE | |||
r-devel-linux-x86_64-fedora-gcc | 0.1.0 | 175.61 | NOTE | |||
r-devel-windows-x86_64 | 0.1.0 | 14.00 | 103.00 | 117.00 | OK | |
r-patched-linux-x86_64 | 0.1.0 | 13.42 | 97.64 | 111.06 | OK | |
r-release-linux-x86_64 | 0.1.0 | 12.86 | 98.96 | 111.82 | OK | |
r-release-macos-arm64 | 0.1.0 | 49.00 | OK | |||
r-release-macos-x86_64 | 0.1.0 | 106.00 | OK | |||
r-release-windows-x86_64 | 0.1.0 | 14.00 | 272.00 | 286.00 | OK | |
r-oldrel-macos-arm64 | 0.1.0 | 48.00 | OK | |||
r-oldrel-macos-x86_64 | 0.1.0 | 69.00 | OK | |||
r-oldrel-windows-x86_64 | 0.1.0 | 19.00 | 287.00 | 306.00 | OK |
Version: 0.1.0
Check: dependencies in R code
Result: NOTE
Namespaces in Imports field not imported from:
‘reticulate’ ‘tensorflow’
All declared Imports should be used.
Flavors: r-devel-linux-x86_64-fedora-clang, r-devel-linux-x86_64-fedora-gcc
These binaries (installable software) and packages are in development.
They may not be fully stable and should be used with caution. We make no claims about them.