Last updated on 2025-02-19 16:51:08 CET.
Flavor | Version | Tinstall | Tcheck | Ttotal | Status | Flags |
---|---|---|---|---|---|---|
r-devel-linux-x86_64-debian-clang | 2.0.0 | 6.93 | 55.07 | 62.00 | NOTE | |
r-devel-linux-x86_64-debian-gcc | 2.0.0 | 4.86 | 40.69 | 45.55 | NOTE | |
r-devel-linux-x86_64-fedora-clang | 2.0.0 | 99.81 | NOTE | |||
r-devel-linux-x86_64-fedora-gcc | 2.0.0 | 93.70 | NOTE | |||
r-devel-macos-arm64 | 2.0.0 | 29.00 | NOTE | |||
r-devel-macos-x86_64 | 2.0.0 | 54.00 | NOTE | |||
r-devel-windows-x86_64 | 2.0.0 | 7.00 | 67.00 | 74.00 | NOTE | |
r-patched-linux-x86_64 | 2.0.0 | 5.01 | 51.96 | 56.97 | NOTE | |
r-release-linux-x86_64 | 2.0.0 | 5.95 | 51.00 | 56.95 | NOTE | |
r-release-macos-arm64 | 2.0.0 | 29.00 | NOTE | |||
r-release-macos-x86_64 | 2.0.0 | 43.00 | NOTE | |||
r-release-windows-x86_64 | 2.0.0 | 7.00 | 3.00 | 10.00 | FAIL | |
r-oldrel-macos-arm64 | 2.0.0 | 30.00 | NOTE | |||
r-oldrel-macos-x86_64 | 2.0.0 | 53.00 | NOTE | |||
r-oldrel-windows-x86_64 | 2.0.0 | 9.00 | 219.00 | 228.00 | NOTE |
Version: 2.0.0
Check: Rd files
Result: NOTE
checkRd: (-1) TempDisaggDGP.Rd:79: Escaped LaTeX specials: \&
checkRd: (-1) disaggregate.Rd:56: Escaped LaTeX specials: \&
Flavors: r-devel-linux-x86_64-debian-clang, r-devel-linux-x86_64-debian-gcc, r-devel-linux-x86_64-fedora-clang, r-devel-linux-x86_64-fedora-gcc, r-devel-macos-arm64, r-devel-macos-x86_64, r-devel-windows-x86_64, r-patched-linux-x86_64, r-release-linux-x86_64, r-release-macos-arm64, r-release-macos-x86_64, r-oldrel-macos-arm64, r-oldrel-macos-x86_64, r-oldrel-windows-x86_64
Version: 2.0.0
Check: package dependencies
Result: FAIL
Flavor: r-release-windows-x86_64
These binaries (installable software) and packages are in development.
They may not be fully stable and should be used with caution. We make no claims about them.