Last updated on 2024-07-27 15:50:36 CEST.
Flavor | Version | Tinstall | Tcheck | Ttotal | Status | Flags |
---|---|---|---|---|---|---|
r-devel-linux-x86_64-debian-clang | 2.0.0 | 7.79 | 68.06 | 75.85 | NOTE | |
r-devel-linux-x86_64-debian-gcc | 2.0.0 | NOTE | ||||
r-devel-linux-x86_64-fedora-clang | 2.0.0 | 97.55 | NOTE | |||
r-devel-linux-x86_64-fedora-gcc | 2.0.0 | 91.34 | NOTE | |||
r-devel-windows-x86_64 | 2.0.0 | 7.00 | 67.00 | 74.00 | NOTE | |
r-patched-linux-x86_64 | 2.0.0 | NOTE | ||||
r-release-linux-x86_64 | 2.0.0 | 6.68 | 65.93 | 72.61 | NOTE | |
r-release-macos-arm64 | 2.0.0 | 29.00 | NOTE | |||
r-release-macos-x86_64 | 2.0.0 | 43.00 | NOTE | |||
r-release-windows-x86_64 | 2.0.0 | 7.00 | 68.00 | 75.00 | NOTE | |
r-oldrel-macos-arm64 | 2.0.0 | 30.00 | NOTE | |||
r-oldrel-macos-x86_64 | 2.0.0 | 53.00 | NOTE | |||
r-oldrel-windows-x86_64 | 2.0.0 | 8.00 | 82.00 | 90.00 | NOTE |
Version: 2.0.0
Check: Rd files
Result: NOTE
checkRd: (-1) TempDisaggDGP.Rd:79: Escaped LaTeX specials: \&
checkRd: (-1) disaggregate.Rd:56: Escaped LaTeX specials: \&
Flavors: r-devel-linux-x86_64-debian-clang, r-devel-linux-x86_64-debian-gcc, r-devel-linux-x86_64-fedora-clang, r-devel-linux-x86_64-fedora-gcc, r-devel-windows-x86_64, r-patched-linux-x86_64, r-release-linux-x86_64, r-release-macos-arm64, r-release-macos-x86_64, r-release-windows-x86_64, r-oldrel-macos-arm64, r-oldrel-macos-x86_64, r-oldrel-windows-x86_64
These binaries (installable software) and packages are in development.
They may not be fully stable and should be used with caution. We make no claims about them.