Last updated on 2025-10-03 13:49:51 CEST.
Flavor | Version | Tinstall | Tcheck | Ttotal | Status | Flags |
---|---|---|---|---|---|---|
r-devel-linux-x86_64-debian-clang | 3.7.1 | 13.48 | 128.72 | 142.20 | NOTE | |
r-devel-linux-x86_64-debian-gcc | 3.7.1 | 11.09 | 103.56 | 114.65 | NOTE | |
r-devel-linux-x86_64-fedora-clang | 3.7.1 | 227.20 | NOTE | |||
r-devel-linux-x86_64-fedora-gcc | 3.7.1 | 208.63 | NOTE | |||
r-devel-windows-x86_64 | 3.7.1 | 19.00 | 136.00 | 155.00 | NOTE | |
r-patched-linux-x86_64 | 3.7.1 | 15.16 | 122.80 | 137.96 | NOTE | |
r-release-linux-x86_64 | 3.7.1 | 14.26 | 123.25 | 137.51 | NOTE | |
r-release-macos-arm64 | 3.7.1 | 85.00 | NOTE | |||
r-release-macos-x86_64 | 3.7.1 | 120.00 | NOTE | |||
r-release-windows-x86_64 | 3.7.1 | 19.00 | 292.00 | 311.00 | NOTE | |
r-oldrel-macos-arm64 | 3.7.1 | 82.00 | NOTE | |||
r-oldrel-macos-x86_64 | 3.7.1 | 90.00 | NOTE | |||
r-oldrel-windows-x86_64 | 3.7.1 | 24.00 | 166.00 | 190.00 | NOTE |
Version: 3.7.1
Check: CRAN incoming feasibility
Result: NOTE
Maintainer: ‘Usue Mori <usue.mori@ehu.eus>’
Package CITATION file contains call(s) to old-style personList() or
as.personList(). Please use c() on person objects instead.
Package CITATION file contains call(s) to old-style citEntry(). Please
use bibentry() instead.
Flavors: r-devel-linux-x86_64-debian-clang, r-devel-linux-x86_64-debian-gcc
Version: 3.7.1
Check: Rd files
Result: NOTE
checkRd: (-1) example.database2.Rd:18: Lost braces in \itemize; meant \describe ?
checkRd: (-1) example.database2.Rd:19: Lost braces in \itemize; meant \describe ?
checkRd: (-1) example.database3.Rd:18: Lost braces in \itemize; meant \describe ?
checkRd: (-1) example.database3.Rd:19: Lost braces in \itemize; meant \describe ?
Flavors: r-devel-linux-x86_64-debian-clang, r-devel-linux-x86_64-debian-gcc, r-devel-linux-x86_64-fedora-clang, r-devel-linux-x86_64-fedora-gcc, r-devel-windows-x86_64, r-patched-linux-x86_64, r-release-linux-x86_64, r-release-macos-arm64, r-release-macos-x86_64, r-release-windows-x86_64, r-oldrel-macos-arm64, r-oldrel-macos-x86_64, r-oldrel-windows-x86_64
These binaries (installable software) and packages are in development.
They may not be fully stable and should be used with caution. We make no claims about them.