Last updated on 2025-02-19 16:51:08 CET.
Flavor | Version | Tinstall | Tcheck | Ttotal | Status | Flags |
---|---|---|---|---|---|---|
r-devel-linux-x86_64-debian-clang | 0.1.7 | 9.12 | 72.01 | 81.13 | OK | |
r-devel-linux-x86_64-debian-gcc | 0.1.7 | 5.37 | 50.80 | 56.17 | OK | |
r-devel-linux-x86_64-fedora-clang | 0.1.7 | 136.08 | NOTE | |||
r-devel-linux-x86_64-fedora-gcc | 0.1.7 | 140.86 | NOTE | |||
r-devel-macos-arm64 | 0.1.7 | 47.00 | OK | |||
r-devel-macos-x86_64 | 0.1.7 | 113.00 | OK | |||
r-devel-windows-x86_64 | 0.1.7 | 10.00 | 244.00 | 254.00 | OK | |
r-patched-linux-x86_64 | 0.1.7 | 9.31 | 69.40 | 78.71 | OK | |
r-release-linux-x86_64 | 0.1.7 | 6.51 | 69.28 | 75.79 | OK | |
r-release-macos-arm64 | 0.1.7 | 41.00 | OK | |||
r-release-macos-x86_64 | 0.1.7 | 98.00 | OK | |||
r-release-windows-x86_64 | 0.1.7 | 10.00 | 185.00 | 195.00 | OK | |
r-oldrel-macos-arm64 | 0.1.7 | 41.00 | OK | |||
r-oldrel-macos-x86_64 | 0.1.7 | 98.00 | OK | |||
r-oldrel-windows-x86_64 | 0.1.7 | 13.00 | 125.00 | 138.00 | OK |
Version: 0.1.7
Check: dependencies in R code
Result: NOTE
Namespace in Imports field not imported from: ‘forecastHybrid’
All declared Imports should be used.
Flavors: r-devel-linux-x86_64-fedora-clang, r-devel-linux-x86_64-fedora-gcc
These binaries (installable software) and packages are in development.
They may not be fully stable and should be used with caution. We make no claims about them.