CRAN Package Check Results for Package TSstudio

Last updated on 2025-07-02 01:51:54 CEST.

Flavor Version Tinstall Tcheck Ttotal Status Flags
r-devel-linux-x86_64-debian-clang 0.1.7 7.63 77.59 85.22 OK
r-devel-linux-x86_64-debian-gcc 0.1.7 5.00 53.83 58.83 OK
r-devel-linux-x86_64-fedora-clang 0.1.7 139.67 NOTE
r-devel-linux-x86_64-fedora-gcc 0.1.7 139.22 NOTE
r-devel-windows-x86_64 0.1.7 10.00 97.00 107.00 OK
r-patched-linux-x86_64 OK
r-release-linux-x86_64 0.1.7 6.08 70.64 76.72 OK
r-release-macos-arm64 0.1.7 49.00 OK
r-release-macos-x86_64 0.1.7 113.00 OK
r-release-windows-x86_64 0.1.7 10.00 247.00 257.00 OK
r-oldrel-macos-arm64 0.1.7 41.00 OK
r-oldrel-macos-x86_64 0.1.7 98.00 OK
r-oldrel-windows-x86_64 0.1.7 13.00 120.00 133.00 OK

Check Details

Version: 0.1.7
Check: dependencies in R code
Result: NOTE Namespace in Imports field not imported from: ‘forecastHybrid’ All declared Imports should be used. Flavors: r-devel-linux-x86_64-fedora-clang, r-devel-linux-x86_64-fedora-gcc

These binaries (installable software) and packages are in development.
They may not be fully stable and should be used with caution. We make no claims about them.