Last updated on 2024-07-27 15:50:36 CEST.
Flavor | Version | Tinstall | Tcheck | Ttotal | Status | Flags |
---|---|---|---|---|---|---|
r-devel-linux-x86_64-debian-clang | 0.1.7 | 11.49 | 96.24 | 107.73 | OK | |
r-devel-linux-x86_64-debian-gcc | 0.1.7 | OK | ||||
r-devel-linux-x86_64-fedora-clang | 0.1.7 | 132.40 | NOTE | |||
r-devel-linux-x86_64-fedora-gcc | 0.1.7 | 132.86 | NOTE | |||
r-devel-windows-x86_64 | 0.1.7 | 9.00 | 93.00 | 102.00 | OK | |
r-patched-linux-x86_64 | 0.1.7 | OK | ||||
r-release-linux-x86_64 | 0.1.7 | 6.30 | 90.84 | 97.14 | OK | |
r-release-macos-arm64 | 0.1.7 | 41.00 | OK | |||
r-release-macos-x86_64 | 0.1.7 | 98.00 | OK | |||
r-release-windows-x86_64 | 0.1.7 | 10.00 | 209.00 | 219.00 | OK | |
r-oldrel-macos-arm64 | 0.1.7 | 41.00 | OK | |||
r-oldrel-macos-x86_64 | 0.1.7 | 98.00 | OK | |||
r-oldrel-windows-x86_64 | 0.1.7 | 12.00 | 115.00 | 127.00 | OK |
Version: 0.1.7
Check: dependencies in R code
Result: NOTE
Namespace in Imports field not imported from: ‘forecastHybrid’
All declared Imports should be used.
Flavors: r-devel-linux-x86_64-fedora-clang, r-devel-linux-x86_64-fedora-gcc
These binaries (installable software) and packages are in development.
They may not be fully stable and should be used with caution. We make no claims about them.