Last updated on 2025-02-16 12:53:56 CET.
Flavor | Version | Tinstall | Tcheck | Ttotal | Status | Flags |
---|---|---|---|---|---|---|
r-devel-linux-x86_64-debian-clang | 1.5.10 | 26.67 | 138.26 | 164.93 | NOTE | |
r-devel-linux-x86_64-debian-gcc | 1.5.10 | 19.25 | 101.14 | 120.39 | NOTE | |
r-devel-linux-x86_64-fedora-clang | 1.5.10 | 285.17 | OK | |||
r-devel-linux-x86_64-fedora-gcc | 1.5.10 | 276.54 | OK | |||
r-devel-macos-arm64 | 1.5.10 | 133.00 | OK | |||
r-devel-macos-x86_64 | 1.5.10 | 191.00 | OK | |||
r-devel-windows-x86_64 | 1.5.10 | 20.00 | 344.00 | 364.00 | NOTE | |
r-patched-linux-x86_64 | 1.5.10 | 31.51 | 127.22 | 158.73 | OK | |
r-release-linux-x86_64 | 1.5.10 | 23.69 | 125.34 | 149.03 | OK | |
r-release-macos-arm64 | 1.5.10 | 122.00 | OK | |||
r-release-macos-x86_64 | 1.5.10 | 134.00 | OK | |||
r-release-windows-x86_64 | 1.5.10 | 21.00 | 266.00 | 287.00 | OK | |
r-oldrel-macos-arm64 | 1.5.10 | 77.00 | OK | |||
r-oldrel-macos-x86_64 | 1.5.10 | 226.00 | OK | |||
r-oldrel-windows-x86_64 | 1.5.10 | 24.00 | 462.00 | 486.00 | OK |
Version: 1.5.10
Check: Rd cross-references
Result: NOTE
Found the following Rd file(s) with Rd \link{} targets missing package
anchors:
FULLoption.Rd: impute, local.trend, mannKen, seasonTrend, seaKen
Please provide package anchors for all Rd \link{} targets not in the
package itself and the base packages.
Flavors: r-devel-linux-x86_64-debian-clang, r-devel-linux-x86_64-debian-gcc, r-devel-windows-x86_64
These binaries (installable software) and packages are in development.
They may not be fully stable and should be used with caution. We make no claims about them.