Last updated on 2025-07-04 21:50:21 CEST.
Flavor | Version | Tinstall | Tcheck | Ttotal | Status | Flags |
---|---|---|---|---|---|---|
r-devel-linux-x86_64-debian-clang | 0.1.1 | 12.80 | 81.03 | 93.83 | NOTE | |
r-devel-linux-x86_64-debian-gcc | 0.1.1 | 8.94 | 70.81 | 79.75 | NOTE | |
r-devel-linux-x86_64-fedora-clang | 0.1.1 | 150.36 | OK | |||
r-devel-linux-x86_64-fedora-gcc | 0.1.1 | 141.71 | OK | |||
r-devel-windows-x86_64 | 0.1.1 | 12.00 | 83.00 | 95.00 | OK | |
r-patched-linux-x86_64 | 0.1.1 | 11.15 | 73.38 | 84.53 | OK | |
r-release-linux-x86_64 | 0.1.1 | 10.97 | 72.53 | 83.50 | OK | |
r-release-macos-arm64 | 0.1.1 | 98.00 | OK | |||
r-release-macos-x86_64 | 0.1.1 | 203.00 | OK | |||
r-release-windows-x86_64 | 0.1.1 | 11.00 | 83.00 | 94.00 | OK | |
r-oldrel-macos-arm64 | 0.1.1 | 48.00 | OK | |||
r-oldrel-macos-x86_64 | 0.1.1 | 71.00 | OK | |||
r-oldrel-windows-x86_64 | 0.1.1 | 16.00 | 102.00 | 118.00 | OK |
Version: 0.1.1
Check: CRAN incoming feasibility
Result: NOTE
Maintainer: ‘Marco Albrecht <marco.albrecht@posteo.de>’
No Authors@R field in DESCRIPTION.
Please add one, modifying
Authors@R: person(given = "Marco",
family = "Albrecht",
role = c("aut", "cre"),
email = "marco.albrecht@posteo.de")
as necessary.
Flavors: r-devel-linux-x86_64-debian-clang, r-devel-linux-x86_64-debian-gcc
These binaries (installable software) and packages are in development.
They may not be fully stable and should be used with caution. We make no claims about them.