Last updated on 2025-11-12 23:51:03 CET.
| Flavor | Version | Tinstall | Tcheck | Ttotal | Status | Flags |
|---|---|---|---|---|---|---|
| r-devel-linux-x86_64-debian-clang | 1.0.0 | 47.27 | 36.03 | 83.30 | OK | |
| r-devel-linux-x86_64-debian-gcc | 1.0.0 | 27.25 | 27.45 | 54.70 | OK | |
| r-devel-linux-x86_64-fedora-clang | 1.0.0 | 53.00 | 96.90 | 149.90 | OK | |
| r-devel-linux-x86_64-fedora-gcc | 1.0.0 | 78.00 | 58.11 | 136.11 | OK | |
| r-devel-windows-x86_64 | 1.0.0 | 56.00 | 209.00 | 265.00 | OK | |
| r-patched-linux-x86_64 | 1.0.0 | 44.80 | 34.01 | 78.81 | OK | |
| r-release-linux-x86_64 | 1.0.0 | 44.73 | 33.99 | 78.72 | OK | |
| r-release-macos-arm64 | 1.0.0 | 10.00 | 5.00 | 15.00 | ERROR | |
| r-release-macos-x86_64 | 1.0.0 | 16.00 | 6.00 | 22.00 | ERROR | |
| r-release-windows-x86_64 | 1.0.0 | 54.00 | 71.00 | 125.00 | OK | |
| r-oldrel-macos-arm64 | 1.0.0 | 9.00 | 10.00 | 19.00 | ERROR | |
| r-oldrel-macos-x86_64 | 1.0.0 | 12.00 | 12.00 | 24.00 | ERROR | |
| r-oldrel-windows-x86_64 | 1.0.0 | 66.00 | 145.00 | 211.00 | OK |
Version: 1.0.0
Check: whether package can be installed
Result: ERROR
Installation failed.
Flavors: r-release-macos-arm64, r-release-macos-x86_64, r-oldrel-macos-arm64, r-oldrel-macos-x86_64
These binaries (installable software) and packages are in development.
They may not be fully stable and should be used with caution. We make no claims about them.