Last updated on 2025-10-23 17:51:07 CEST.
| Flavor | Version | Tinstall | Tcheck | Ttotal | Status | Flags |
|---|---|---|---|---|---|---|
| r-devel-linux-x86_64-debian-clang | 1.0.0 | 45.33 | 35.57 | 80.90 | OK | |
| r-devel-linux-x86_64-debian-gcc | 1.0.0 | 26.28 | 27.89 | 54.17 | OK | |
| r-devel-linux-x86_64-fedora-clang | 1.0.0 | 96.00 | 60.72 | 156.72 | OK | |
| r-devel-linux-x86_64-fedora-gcc | 1.0.0 | 81.00 | 51.76 | 132.76 | OK | |
| r-devel-windows-x86_64 | 1.0.0 | 56.00 | 72.00 | 128.00 | OK | |
| r-patched-linux-x86_64 | 1.0.0 | 46.46 | 34.04 | 80.50 | OK | |
| r-release-linux-x86_64 | 1.0.0 | 47.32 | 34.26 | 81.58 | OK | |
| r-release-macos-arm64 | 1.0.0 | 11.00 | 5.00 | 16.00 | ERROR | |
| r-release-macos-x86_64 | 1.0.0 | 16.00 | 10.00 | 26.00 | ERROR | |
| r-release-windows-x86_64 | 1.0.0 | 57.00 | 196.00 | 253.00 | OK | |
| r-oldrel-macos-arm64 | 1.0.0 | 10.00 | 11.00 | 21.00 | ERROR | |
| r-oldrel-macos-x86_64 | 1.0.0 | 17.00 | 13.00 | 30.00 | ERROR | |
| r-oldrel-windows-x86_64 | 1.0.0 | 65.00 | 227.00 | 292.00 | OK |
Version: 1.0.0
Check: whether package can be installed
Result: ERROR
Installation failed.
Flavors: r-release-macos-arm64, r-release-macos-x86_64, r-oldrel-macos-arm64, r-oldrel-macos-x86_64
These binaries (installable software) and packages are in development.
They may not be fully stable and should be used with caution. We make no claims about them.