Last updated on 2025-05-08 04:52:21 CEST.
Flavor | Version | Tinstall | Tcheck | Ttotal | Status | Flags |
---|---|---|---|---|---|---|
r-devel-linux-x86_64-debian-clang | 1.0.0 | 47.47 | 33.66 | 81.13 | OK | |
r-devel-linux-x86_64-debian-gcc | 1.0.0 | 32.04 | 26.47 | 58.51 | OK | |
r-devel-linux-x86_64-fedora-clang | 1.0.0 | 149.70 | OK | |||
r-devel-linux-x86_64-fedora-gcc | 1.0.0 | 146.91 | OK | |||
r-devel-windows-x86_64 | 1.0.0 | 55.00 | 72.00 | 127.00 | OK | |
r-patched-linux-x86_64 | 1.0.0 | 44.97 | 32.53 | 77.50 | OK | |
r-release-linux-x86_64 | 1.0.0 | 43.79 | 32.41 | 76.20 | OK | |
r-release-macos-arm64 | 1.0.0 | 15.00 | ERROR | |||
r-release-macos-x86_64 | 1.0.0 | 15.00 | ERROR | |||
r-release-windows-x86_64 | 1.0.0 | 55.00 | 77.00 | 132.00 | OK | |
r-oldrel-macos-arm64 | 1.0.0 | 20.00 | ERROR | |||
r-oldrel-macos-x86_64 | 1.0.0 | 22.00 | ERROR | |||
r-oldrel-windows-x86_64 | 1.0.0 | 63.00 | 88.00 | 151.00 | OK |
Version: 1.0.0
Check: whether package can be installed
Result: ERROR
Installation failed.
Flavors: r-release-macos-arm64, r-release-macos-x86_64, r-oldrel-macos-arm64, r-oldrel-macos-x86_64
These binaries (installable software) and packages are in development.
They may not be fully stable and should be used with caution. We make no claims about them.