Last updated on 2025-10-03 05:53:57 CEST.
Flavor | Version | Tinstall | Tcheck | Ttotal | Status | Flags |
---|---|---|---|---|---|---|
r-devel-linux-x86_64-debian-clang | 3.2.1 | 17.54 | 121.40 | 138.94 | OK | |
r-devel-linux-x86_64-debian-gcc | 3.2.1 | 12.97 | 98.11 | 111.08 | OK | |
r-devel-linux-x86_64-fedora-clang | 3.2.1 | 228.85 | OK | |||
r-devel-linux-x86_64-fedora-gcc | 3.2.1 | 211.22 | OK | |||
r-devel-windows-x86_64 | 3.2.1 | 16.00 | 110.00 | 126.00 | OK | |
r-patched-linux-x86_64 | 3.2.1 | 16.27 | 120.09 | 136.36 | OK | |
r-release-linux-x86_64 | 3.2.1 | 18.93 | 118.21 | 137.14 | OK | |
r-release-macos-arm64 | 3.2.1 | 94.00 | OK | |||
r-release-macos-x86_64 | 3.2.1 | 108.00 | OK | |||
r-release-windows-x86_64 | 3.2.1 | 16.00 | 217.00 | 233.00 | OK | |
r-oldrel-macos-arm64 | 3.2.1 | 84.00 | NOTE | |||
r-oldrel-macos-x86_64 | 3.2.1 | 95.00 | NOTE | |||
r-oldrel-windows-x86_64 | 3.2.1 | 22.00 | 144.00 | 166.00 | NOTE |
Version: 3.2.1
Check: LazyData
Result: NOTE
'LazyData' is specified without a 'data' directory
Flavors: r-oldrel-macos-arm64, r-oldrel-macos-x86_64, r-oldrel-windows-x86_64
These binaries (installable software) and packages are in development.
They may not be fully stable and should be used with caution. We make no claims about them.