Last updated on 2025-11-13 01:50:37 CET.
| Flavor | Version | Tinstall | Tcheck | Ttotal | Status | Flags |
|---|---|---|---|---|---|---|
| r-devel-linux-x86_64-debian-clang | 3.2.1 | 16.00 | 122.85 | 138.85 | OK | |
| r-devel-linux-x86_64-debian-gcc | 3.2.1 | 13.22 | 98.29 | 111.51 | OK | |
| r-devel-linux-x86_64-fedora-clang | 3.2.1 | 39.00 | 184.84 | 223.84 | OK | |
| r-devel-linux-x86_64-fedora-gcc | 3.2.1 | 39.00 | 176.80 | 215.80 | OK | |
| r-devel-windows-x86_64 | 3.2.1 | 16.00 | 214.00 | 230.00 | OK | |
| r-patched-linux-x86_64 | 3.2.1 | 18.02 | 120.39 | 138.41 | OK | |
| r-release-linux-x86_64 | 3.2.1 | 18.36 | 118.86 | 137.22 | OK | |
| r-release-macos-arm64 | 3.2.1 | 13.00 | 81.00 | 94.00 | OK | |
| r-release-macos-x86_64 | 3.2.1 | 15.00 | 93.00 | 108.00 | OK | |
| r-release-windows-x86_64 | 3.2.1 | 16.00 | 169.00 | 185.00 | OK | |
| r-oldrel-macos-arm64 | 3.2.1 | 13.00 | 71.00 | 84.00 | NOTE | |
| r-oldrel-macos-x86_64 | 3.2.1 | 14.00 | 81.00 | 95.00 | NOTE | |
| r-oldrel-windows-x86_64 | 3.2.1 | 24.00 | 431.00 | 455.00 | NOTE |
Version: 3.2.1
Check: LazyData
Result: NOTE
'LazyData' is specified without a 'data' directory
Flavors: r-oldrel-macos-arm64, r-oldrel-macos-x86_64, r-oldrel-windows-x86_64
These binaries (installable software) and packages are in development.
They may not be fully stable and should be used with caution. We make no claims about them.