CRAN Package Check Results for Package TailClassifier

Last updated on 2025-05-01 15:49:46 CEST.

Flavor Version Tinstall Tcheck Ttotal Status Flags
r-devel-linux-x86_64-debian-clang 0.1.2 5.26 51.60 56.86 NOTE
r-devel-linux-x86_64-debian-gcc 0.1.2 3.25 36.89 40.14 OK
r-devel-linux-x86_64-fedora-clang 0.1.2 84.02 OK
r-devel-linux-x86_64-fedora-gcc 0.1.2 77.70 OK
r-devel-windows-x86_64 0.1.2 7.00 64.00 71.00 OK
r-patched-linux-x86_64 0.1.2 5.05 49.12 54.17 OK
r-release-linux-x86_64 OK
r-release-macos-arm64 0.1.2 27.00 OK
r-release-macos-x86_64 0.1.2 41.00 OK
r-release-windows-x86_64 0.1.2 7.00 63.00 70.00 OK
r-oldrel-macos-arm64 0.1.2 31.00 OK
r-oldrel-macos-x86_64 0.1.2 46.00 OK
r-oldrel-windows-x86_64 0.1.2 9.00 76.00 85.00 OK

Check Details

Version: 0.1.2
Check: examples
Result: NOTE Examples with CPU (user + system) or elapsed time > 5s user system elapsed TailClassifier 8.843 0.088 12.328 Flavor: r-devel-linux-x86_64-debian-clang

Version: 0.1.2
Check: examples
Result: NA user system elapsed TailClassifier 5.344 0.131 6.353 OK Flavor: r-devel-linux-x86_64-debian-gcc

These binaries (installable software) and packages are in development.
They may not be fully stable and should be used with caution. We make no claims about them.