Last updated on 2025-11-13 21:50:10 CET.
| Flavor | Version | Tinstall | Tcheck | Ttotal | Status | Flags |
|---|---|---|---|---|---|---|
| r-devel-linux-x86_64-debian-clang | 2.4 | 31.63 | 242.30 | 273.93 | OK | |
| r-devel-linux-x86_64-debian-gcc | 2.4 | 20.74 | 171.38 | 192.12 | OK | |
| r-devel-linux-x86_64-fedora-clang | 2.4 | 137.00 | 306.94 | 443.94 | OK | |
| r-devel-linux-x86_64-fedora-gcc | 2.4 | 246.00 | 203.05 | 449.05 | OK | |
| r-devel-windows-x86_64 | 2.4 | 7.00 | 6.00 | 13.00 | ERROR | |
| r-patched-linux-x86_64 | 2.4 | 27.80 | 229.31 | 257.11 | OK | |
| r-release-linux-x86_64 | 2.4 | 30.22 | 227.41 | 257.63 | OK | |
| r-release-macos-arm64 | 2.4 | 5.00 | ERROR | |||
| r-release-macos-x86_64 | 2.4 | 7.00 | ERROR | |||
| r-release-windows-x86_64 | 2.4 | 9.00 | 5.00 | 14.00 | ERROR | |
| r-oldrel-macos-arm64 | 2.4 | 12.00 | 93.00 | 105.00 | OK | |
| r-oldrel-macos-x86_64 | 2.4 | 19.00 | 144.00 | 163.00 | OK | |
| r-oldrel-windows-x86_64 | 2.4 | 39.00 | 500.00 | 539.00 | OK |
Version: 2.4
Check: whether package can be installed
Result: ERROR
Installation failed.
Flavors: r-devel-windows-x86_64, r-release-windows-x86_64
Version: 2.4
Check: package dependencies
Result: ERROR
Package required but not available: ‘microbiome’
See section ‘The DESCRIPTION file’ in the ‘Writing R Extensions’
manual.
Flavors: r-release-macos-arm64, r-release-macos-x86_64
These binaries (installable software) and packages are in development.
They may not be fully stable and should be used with caution. We make no claims about them.