Last updated on 2025-10-25 11:48:50 CEST.
| Flavor | Version | Tinstall | Tcheck | Ttotal | Status | Flags |
|---|---|---|---|---|---|---|
| r-devel-linux-x86_64-debian-clang | 1.2.1 | 3.83 | 35.15 | 38.98 | NOTE | |
| r-devel-linux-x86_64-debian-gcc | 1.2.1 | 2.93 | 28.22 | 31.15 | NOTE | |
| r-devel-linux-x86_64-fedora-clang | 1.2.1 | 60.91 | NOTE | |||
| r-devel-linux-x86_64-fedora-gcc | 1.2.1 | 55.34 | NOTE | |||
| r-devel-windows-x86_64 | 1.2.1 | 6.00 | 51.00 | 57.00 | NOTE | |
| r-patched-linux-x86_64 | 1.2.1 | 4.14 | 33.86 | 38.00 | NOTE | |
| r-release-linux-x86_64 | 1.2.1 | 3.48 | 33.45 | 36.93 | NOTE | |
| r-release-macos-arm64 | 1.2.1 | 2.00 | 24.00 | 26.00 | NOTE | |
| r-release-macos-x86_64 | 1.2.1 | 3.00 | 34.00 | 37.00 | NOTE | |
| r-release-windows-x86_64 | 1.2.1 | 8.00 | 53.00 | 61.00 | NOTE | |
| r-oldrel-macos-arm64 | 1.2.1 | 2.00 | 19.00 | 21.00 | OK | |
| r-oldrel-macos-x86_64 | 1.2.1 | 3.00 | 29.00 | 32.00 | OK | |
| r-oldrel-windows-x86_64 | 1.2.1 | 8.00 | 61.00 | 69.00 | OK |
Version: 1.2.1
Check: DESCRIPTION meta-information
Result: NOTE
Missing dependency on R >= 4.1.0 because package code uses the pipe
|> or function shorthand \(...) syntax added in R 4.1.0.
File(s) using such syntax:
‘TaylorRussell.Rd’
Flavors: r-devel-linux-x86_64-debian-clang, r-devel-linux-x86_64-debian-gcc, r-devel-linux-x86_64-fedora-clang, r-devel-linux-x86_64-fedora-gcc, r-devel-windows-x86_64, r-patched-linux-x86_64, r-release-linux-x86_64, r-release-macos-arm64, r-release-macos-x86_64, r-release-windows-x86_64
These binaries (installable software) and packages are in development.
They may not be fully stable and should be used with caution. We make no claims about them.