Last updated on 2024-06-22 19:58:17 CEST.
Flavor | Version | Tinstall | Tcheck | Ttotal | Status | Flags |
---|---|---|---|---|---|---|
r-devel-linux-x86_64-debian-clang | 2.13 | 17.31 | 107.65 | 124.96 | NOTE | |
r-devel-linux-x86_64-debian-gcc | 2.13 | 12.08 | 74.80 | 86.88 | NOTE | |
r-devel-linux-x86_64-fedora-clang | 2.13 | 145.82 | NOTE | |||
r-devel-linux-x86_64-fedora-gcc | 2.13 | 139.56 | NOTE | |||
r-devel-windows-x86_64 | 2.13 | 15.00 | 243.00 | 258.00 | OK | |
r-patched-linux-x86_64 | 2.13 | 17.05 | 99.06 | 116.11 | NOTE | |
r-release-linux-x86_64 | 2.13 | 13.17 | 101.20 | 114.37 | NOTE | |
r-release-macos-arm64 | 2.13 | 39.00 | NOTE | |||
r-release-macos-x86_64 | 2.13 | 106.00 | NOTE | |||
r-release-windows-x86_64 | 2.13 | 15.00 | 110.00 | 125.00 | OK | |
r-oldrel-macos-arm64 | 2.13 | 45.00 | NOTE | |||
r-oldrel-macos-x86_64 | 2.13 | 136.00 | NOTE | |||
r-oldrel-windows-x86_64 | 2.13 | 13.00 | 123.00 | 136.00 | OK |
Version: 2.13
Check: package dependencies
Result: NOTE
Package which this enhances but not available for checking: ‘R2wd’
Flavors: r-devel-linux-x86_64-debian-clang, r-devel-linux-x86_64-debian-gcc, r-devel-linux-x86_64-fedora-clang, r-devel-linux-x86_64-fedora-gcc, r-patched-linux-x86_64, r-release-linux-x86_64, r-release-macos-arm64, r-release-macos-x86_64, r-oldrel-macos-arm64, r-oldrel-macos-x86_64
These binaries (installable software) and packages are in development.
They may not be fully stable and should be used with caution. We make no claims about them.