CRAN Package Check Results for Package TeachingSampling

Last updated on 2025-10-03 05:53:55 CEST.

Flavor Version Tinstall Tcheck Ttotal Status Flags
r-devel-linux-x86_64-debian-clang 4.1.1 6.00 67.25 73.25 NOTE
r-devel-linux-x86_64-debian-gcc 4.1.1 3.53 49.48 53.01 NOTE
r-devel-linux-x86_64-fedora-clang 4.1.1 109.00 OK
r-devel-linux-x86_64-fedora-gcc 4.1.1 100.76 OK
r-devel-windows-x86_64 4.1.1 9.00 91.00 100.00 OK
r-patched-linux-x86_64 4.1.1 6.81 62.35 69.16 OK
r-release-linux-x86_64 4.1.1 5.63 63.35 68.98 OK
r-release-macos-arm64 4.1.1 43.00 OK
r-release-macos-x86_64 4.1.1 66.00 OK
r-release-windows-x86_64 4.1.1 8.00 101.00 109.00 OK
r-oldrel-macos-arm64 4.1.1 33.00 OK
r-oldrel-macos-x86_64 4.1.1 57.00 OK
r-oldrel-windows-x86_64 4.1.1 10.00 110.00 120.00 OK

Check Details

Version: 4.1.1
Check: CRAN incoming feasibility
Result: NOTE Maintainer: ‘Hugo Andres Gutierrez Rojas <hagutierrezro@gmail.com>’ No Authors@R field in DESCRIPTION. Please add one, modifying Authors@R: person(given = c("Hugo", "Andres", "Gutierrez"), family = "Rojas", role = c("aut", "cre"), email = "hagutierrezro@gmail.com") as necessary. Flavors: r-devel-linux-x86_64-debian-clang, r-devel-linux-x86_64-debian-gcc

These binaries (installable software) and packages are in development.
They may not be fully stable and should be used with caution. We make no claims about them.