CRAN Package Check Results for Package TempCont

Last updated on 2025-11-11 15:50:50 CET.

Flavor Version Tinstall Tcheck Ttotal Status Flags
r-devel-linux-x86_64-debian-clang 0.1.0 1.96 24.56 26.52 NOTE
r-devel-linux-x86_64-debian-gcc 0.1.0 1.73 19.54 21.27 NOTE
r-devel-linux-x86_64-fedora-clang 0.1.0 39.13 OK
r-devel-linux-x86_64-fedora-gcc 0.1.0 38.03 OK
r-devel-windows-x86_64 0.1.0 4.00 44.00 48.00 OK
r-patched-linux-x86_64 0.1.0 1.84 23.62 25.46 OK
r-release-linux-x86_64 0.1.0 1.83 23.34 25.17 OK
r-release-macos-arm64 0.1.0 1.00 19.00 20.00 OK
r-release-macos-x86_64 0.1.0 2.00 29.00 31.00 OK
r-release-windows-x86_64 0.1.0 3.00 44.00 47.00 OK
r-oldrel-macos-arm64 0.1.0 1.00 15.00 16.00 OK
r-oldrel-macos-x86_64 0.1.0 2.00 22.00 24.00 OK
r-oldrel-windows-x86_64 0.1.0 3.00 49.00 52.00 OK

Check Details

Version: 0.1.0
Check: CRAN incoming feasibility
Result: NOTE Maintainer: ‘Marcos Fernández-Martínez <marcos.fernandez-martinez@uantwerpen.be>’ No Authors@R field in DESCRIPTION. Please add one, modifying Authors@R: c(person(given = "Marcos", family = "Fernández-Martínez", role = c("aut", "cre"), email = "marcos.fernandez-martinez@uantwerpen.be"), person(given = "Joan", family = "Maspons", role = "aut")) as necessary. Flavors: r-devel-linux-x86_64-debian-clang, r-devel-linux-x86_64-debian-gcc

These binaries (installable software) and packages are in development.
They may not be fully stable and should be used with caution. We make no claims about them.