Last updated on 2025-05-21 21:49:33 CEST.
Flavor | Version | Tinstall | Tcheck | Ttotal | Status | Flags |
---|---|---|---|---|---|---|
r-devel-linux-x86_64-debian-clang | 0.2.2 | 24.09 | 405.41 | 429.50 | NOTE | |
r-devel-linux-x86_64-debian-gcc | 0.2.2 | 16.71 | 245.14 | 261.85 | NOTE | |
r-devel-linux-x86_64-fedora-clang | 0.2.2 | 725.42 | OK | |||
r-devel-linux-x86_64-fedora-gcc | 0.2.2 | 708.64 | OK | |||
r-devel-windows-x86_64 | 0.2.2 | 29.00 | 458.00 | 487.00 | OK | |
r-patched-linux-x86_64 | 0.2.2 | 26.28 | 383.74 | 410.02 | OK | |
r-release-linux-x86_64 | 0.2.2 | 24.43 | 381.60 | 406.03 | OK | |
r-release-macos-arm64 | 0.2.2 | 178.00 | OK | |||
r-release-macos-x86_64 | 0.2.2 | 355.00 | OK | |||
r-release-windows-x86_64 | 0.2.2 | 28.00 | 516.00 | 544.00 | OK | |
r-oldrel-macos-arm64 | 0.2.2 | 157.00 | OK | |||
r-oldrel-macos-x86_64 | 0.2.2 | 284.00 | OK | |||
r-oldrel-windows-x86_64 | 0.2.2 | 36.00 | 570.00 | 606.00 | OK |
Version: 0.2.2
Check: CRAN incoming feasibility
Result: NOTE
Maintainer: ‘Till Massing <till.massing@uni-due.de>’
The Description field contains
(Massing (2023) <arXiv:2303.07060>). The following references form the
Please refer to arXiv e-prints via their arXiv DOI <doi:10.48550/arXiv.YYMM.NNNNN>.
Flavors: r-devel-linux-x86_64-debian-clang, r-devel-linux-x86_64-debian-gcc
These binaries (installable software) and packages are in development.
They may not be fully stable and should be used with caution. We make no claims about them.