CRAN Package Check Results for Package TemporalGSSA

Last updated on 2025-05-02 06:49:48 CEST.

Flavor Version Tinstall Tcheck Ttotal Status Flags
r-devel-linux-x86_64-debian-clang 1.0.1 1.63 18.70 20.33 NOTE
r-devel-linux-x86_64-debian-gcc 1.0.1 1.32 15.42 16.74 NOTE
r-devel-linux-x86_64-fedora-clang 1.0.1 31.28 OK
r-devel-linux-x86_64-fedora-gcc 1.0.1 30.25 OK
r-devel-windows-x86_64 1.0.1 3.00 39.00 42.00 OK
r-patched-linux-x86_64 1.0.1 1.61 18.06 19.67 OK
r-release-linux-x86_64 OK
r-release-macos-arm64 1.0.1 16.00 OK
r-release-macos-x86_64 1.0.1 23.00 OK
r-release-windows-x86_64 1.0.1 3.00 40.00 43.00 OK
r-oldrel-macos-arm64 1.0.1 15.00 OK
r-oldrel-macos-x86_64 1.0.1 20.00 OK
r-oldrel-windows-x86_64 1.0.1 4.00 42.00 46.00 OK

Check Details

Version: 1.0.1
Check: CRAN incoming feasibility
Result: NOTE Maintainer: ‘Siddhartha Kundu <siddhartha_kundu@aiims.edu>’ No Authors@R field in DESCRIPTION. Please add one, modifying Authors@R: person(given = "Siddhartha", family = "Kundu", role = c("aut", "cre"), email = "siddhartha_kundu@aiims.edu") as necessary. Flavors: r-devel-linux-x86_64-debian-clang, r-devel-linux-x86_64-debian-gcc

These binaries (installable software) and packages are in development.
They may not be fully stable and should be used with caution. We make no claims about them.