CRAN Package Check Results for Package Tendril

Last updated on 2025-05-01 12:49:43 CEST.

Flavor Version Tinstall Tcheck Ttotal Status Flags
r-devel-linux-x86_64-debian-clang 2.0.4 3.78 143.75 147.53 NOTE
r-devel-linux-x86_64-debian-gcc 2.0.4 2.49 99.66 102.15 NOTE
r-devel-linux-x86_64-fedora-clang 2.0.4 221.87 NOTE
r-devel-linux-x86_64-fedora-gcc 2.0.4 234.76 NOTE
r-devel-windows-x86_64 2.0.4 6.00 141.00 147.00 NOTE
r-patched-linux-x86_64 2.0.4 2.37 138.73 141.10 NOTE
r-release-linux-x86_64 NOTE
r-release-macos-arm64 2.0.4 76.00 NOTE
r-release-macos-x86_64 2.0.4 162.00 NOTE
r-release-windows-x86_64 2.0.4 6.00 339.00 345.00 NOTE
r-oldrel-macos-arm64 2.0.4 72.00 NOTE
r-oldrel-macos-x86_64 2.0.4 158.00 NOTE
r-oldrel-windows-x86_64 2.0.4 6.00 188.00 194.00 NOTE

Check Details

Version: 2.0.4
Check: Rd files
Result: NOTE checkRd: (-1) Tendril.Rd:53: Lost braces in \itemize; \value handles \item{}{} directly checkRd: (-1) Tendril.Rd:54: Lost braces in \itemize; \value handles \item{}{} directly checkRd: (-1) Tendril.Rd:55: Lost braces in \itemize; \value handles \item{}{} directly checkRd: (-1) Tendril.Rd:56: Lost braces in \itemize; \value handles \item{}{} directly checkRd: (-1) Tendril.Rd:57: Lost braces in \itemize; \value handles \item{}{} directly checkRd: (-1) Tendril.Rd:58: Lost braces in \itemize; \value handles \item{}{} directly checkRd: (-1) Tendril.Rd:59: Lost braces in \itemize; \value handles \item{}{} directly checkRd: (-1) Tendril.Rd:60: Lost braces in \itemize; \value handles \item{}{} directly checkRd: (-1) Tendril.Rd:61: Lost braces in \itemize; \value handles \item{}{} directly checkRd: (-1) Tendril.Rd:62: Lost braces in \itemize; \value handles \item{}{} directly checkRd: (-1) Tendril.Rd:63: Lost braces in \itemize; \value handles \item{}{} directly checkRd: (-1) Tendril.Rd:64: Lost braces in \itemize; \value handles \item{}{} directly checkRd: (-1) Tendril.Rd:65: Lost braces in \itemize; \value handles \item{}{} directly checkRd: (-1) Tendril.Rd:66: Lost braces in \itemize; \value handles \item{}{} directly checkRd: (-1) Tendril.Rd:67: Lost braces in \itemize; \value handles \item{}{} directly Flavors: r-devel-linux-x86_64-debian-clang, r-devel-linux-x86_64-debian-gcc, r-devel-linux-x86_64-fedora-clang, r-devel-linux-x86_64-fedora-gcc, r-devel-windows-x86_64, r-patched-linux-x86_64, r-release-linux-x86_64, r-release-macos-arm64, r-release-macos-x86_64, r-release-windows-x86_64, r-oldrel-macos-arm64, r-oldrel-macos-x86_64, r-oldrel-windows-x86_64

Version: 2.0.4
Check: examples
Result: NOTE Examples with CPU (user + system) or elapsed time > 5s user system elapsed TendrilPerm 10.359 0.128 17.936 plot.TendrilPerm 8.767 0.070 13.167 Tendril 4.246 0.120 6.184 Flavor: r-devel-linux-x86_64-debian-clang

Version: 2.0.4
Check: examples
Result: NA user system elapsed TendrilPerm 6.415 0.182 7.647 plot.TendrilPerm 5.493 0.027 6.265 OK Flavor: r-devel-linux-x86_64-debian-gcc

Version: 2.0.4
Check: dependencies in R code
Result: NOTE Namespace in Imports field not imported from: ‘graphics’ All declared Imports should be used. Flavors: r-devel-linux-x86_64-fedora-clang, r-devel-linux-x86_64-fedora-gcc

These binaries (installable software) and packages are in development.
They may not be fully stable and should be used with caution. We make no claims about them.