CRAN Package Check Results for Package TensorClustering

Last updated on 2025-11-14 17:48:45 CET.

Flavor Version Tinstall Tcheck Ttotal Status Flags
r-devel-linux-x86_64-debian-clang 1.0.2 5.59 42.09 47.68 OK
r-devel-linux-x86_64-debian-gcc 1.0.2 4.91 30.67 35.58 OK
r-devel-linux-x86_64-fedora-clang 1.0.2 12.00 58.02 70.02 NOTE
r-devel-windows-x86_64 1.0.2 10.00 62.00 72.00 OK
r-patched-linux-x86_64 1.0.2 6.49 38.24 44.73 OK
r-release-linux-x86_64 1.0.2 4.82 38.15 42.97 OK
r-release-macos-arm64 1.0.2 7.00 25.00 32.00 OK
r-release-macos-x86_64 1.0.2 9.00 38.00 47.00 OK
r-release-windows-x86_64 1.0.2 11.00 57.00 68.00 OK
r-oldrel-macos-arm64 1.0.2 4.00 21.00 25.00 OK
r-oldrel-macos-x86_64 1.0.2 8.00 30.00 38.00 OK
r-oldrel-windows-x86_64 1.0.2 12.00 175.00 187.00 OK

Check Details

Version: 1.0.2
Check: dependencies in R code
Result: NOTE Namespace in Imports field not imported from: ‘Rcpp’ All declared Imports should be used. Flavor: r-devel-linux-x86_64-fedora-clang

These binaries (installable software) and packages are in development.
They may not be fully stable and should be used with caution. We make no claims about them.