CRAN Package Check Results for Package TensorClustering

Last updated on 2025-02-19 16:51:07 CET.

Flavor Version Tinstall Tcheck Ttotal Status Flags
r-devel-linux-x86_64-debian-clang 1.0.2 6.19 39.00 45.19 OK
r-devel-linux-x86_64-debian-gcc 1.0.2 4.41 27.43 31.84 OK
r-devel-linux-x86_64-fedora-clang 1.0.2 69.99 NOTE
r-devel-linux-x86_64-fedora-gcc 1.0.2 67.38 NOTE
r-devel-macos-arm64 1.0.2 28.00 OK
r-devel-macos-x86_64 1.0.2 48.00 OK
r-devel-windows-x86_64 1.0.2 10.00 59.00 69.00 OK
r-patched-linux-x86_64 1.0.2 5.78 36.96 42.74 OK
r-release-linux-x86_64 1.0.2 5.17 35.57 40.74 OK
r-release-macos-arm64 1.0.2 25.00 OK
r-release-macos-x86_64 1.0.2 38.00 OK
r-release-windows-x86_64 1.0.2 10.00 3.00 13.00 FAIL
r-oldrel-macos-arm64 1.0.2 25.00 OK
r-oldrel-macos-x86_64 1.0.2 38.00 OK
r-oldrel-windows-x86_64 1.0.2 12.00 223.00 235.00 OK

Check Details

Version: 1.0.2
Check: dependencies in R code
Result: NOTE Namespace in Imports field not imported from: ‘Rcpp’ All declared Imports should be used. Flavors: r-devel-linux-x86_64-fedora-clang, r-devel-linux-x86_64-fedora-gcc

Version: 1.0.2
Check: package dependencies
Result: FAIL
Flavor: r-release-windows-x86_64

These binaries (installable software) and packages are in development.
They may not be fully stable and should be used with caution. We make no claims about them.