CRAN Package Check Results for Package TensorClustering

Last updated on 2025-07-02 03:50:54 CEST.

Flavor Version Tinstall Tcheck Ttotal Status Flags
r-devel-linux-x86_64-debian-clang 1.0.2 6.17 40.11 46.28 OK
r-devel-linux-x86_64-debian-gcc 1.0.2 4.30 30.76 35.06 OK
r-devel-linux-x86_64-fedora-clang 1.0.2 71.40 NOTE
r-devel-linux-x86_64-fedora-gcc 1.0.2 68.39 NOTE
r-devel-windows-x86_64 1.0.2 9.00 59.00 68.00 OK
r-patched-linux-x86_64 OK
r-release-linux-x86_64 1.0.2 6.17 37.53 43.70 OK
r-release-macos-arm64 1.0.2 32.00 OK
r-release-macos-x86_64 1.0.2 47.00 OK
r-release-windows-x86_64 1.0.2 12.00 59.00 71.00 OK
r-oldrel-macos-arm64 1.0.2 25.00 OK
r-oldrel-macos-x86_64 1.0.2 38.00 OK
r-oldrel-windows-x86_64 1.0.2 12.00 71.00 83.00 OK

Check Details

Version: 1.0.2
Check: dependencies in R code
Result: NOTE Namespace in Imports field not imported from: ‘Rcpp’ All declared Imports should be used. Flavors: r-devel-linux-x86_64-fedora-clang, r-devel-linux-x86_64-fedora-gcc

These binaries (installable software) and packages are in development.
They may not be fully stable and should be used with caution. We make no claims about them.