CRAN Package Check Results for Package TensorPreAve

Last updated on 2025-11-16 03:50:15 CET.

Flavor Version Tinstall Tcheck Ttotal Status Flags
r-devel-linux-x86_64-debian-clang 1.1.0 2.75 59.15 61.90 NOTE
r-devel-linux-x86_64-debian-gcc 1.1.0 2.33 46.47 48.80 NOTE
r-devel-linux-x86_64-fedora-clang 1.1.0 99.90 OK
r-devel-linux-x86_64-fedora-gcc 1.1.0 105.99 OK
r-devel-windows-x86_64 1.1.0 5.00 174.00 179.00 OK
r-patched-linux-x86_64 1.1.0 3.56 62.93 66.49 OK
r-release-linux-x86_64 1.1.0 2.81 63.64 66.45 OK
r-release-macos-arm64 1.1.0 2.00 60.00 62.00 OK
r-release-macos-x86_64 1.1.0 3.00 96.00 99.00 OK
r-release-windows-x86_64 1.1.0 6.00 102.00 108.00 OK
r-oldrel-macos-arm64 1.1.0 2.00 51.00 53.00 OK
r-oldrel-macos-x86_64 1.1.0 4.00 65.00 69.00 OK
r-oldrel-windows-x86_64 1.1.0 4.00 97.00 101.00 OK

Check Details

Version: 1.1.0
Check: CRAN incoming feasibility
Result: NOTE Maintainer: ‘Weilin Chen <w.chen56@lse.ac.uk>’ The Description field contains projected data. See Chen and Lam (2023) <arXiv:2208.04012> for more Please refer to arXiv e-prints via their arXiv DOI <doi:10.48550/arXiv.YYMM.NNNNN>. Flavors: r-devel-linux-x86_64-debian-clang, r-devel-linux-x86_64-debian-gcc

These binaries (installable software) and packages are in development.
They may not be fully stable and should be used with caution. We make no claims about them.