Last updated on 2025-05-08 04:52:21 CEST.
Flavor | Version | Tinstall | Tcheck | Ttotal | Status | Flags |
---|---|---|---|---|---|---|
r-devel-linux-x86_64-debian-clang | 2.3.3 | 8.21 | 144.10 | 152.31 | OK | |
r-devel-linux-x86_64-debian-gcc | 2.3.3 | 5.26 | 110.73 | 115.99 | OK | |
r-devel-linux-x86_64-fedora-clang | 2.3.4 | 201.41 | OK | |||
r-devel-linux-x86_64-fedora-gcc | 2.3.4 | 211.36 | OK | |||
r-devel-windows-x86_64 | 2.3.3 | 9.00 | 151.00 | 160.00 | OK | |
r-patched-linux-x86_64 | 2.3.3 | 8.63 | 138.57 | 147.20 | OK | |
r-release-linux-x86_64 | 2.3.3 | 7.42 | 137.52 | 144.94 | OK | |
r-release-macos-arm64 | 2.3.4 | 59.00 | OK | |||
r-release-macos-x86_64 | 2.3.4 | 120.00 | OK | |||
r-release-windows-x86_64 | 2.3.3 | 10.00 | 153.00 | 163.00 | OK | |
r-oldrel-macos-arm64 | 2.3.4 | 59.00 | NOTE | |||
r-oldrel-macos-x86_64 | 2.3.4 | 124.00 | NOTE | |||
r-oldrel-windows-x86_64 | 2.3.3 | 12.00 | 184.00 | 196.00 | NOTE |
Version: 2.3.4
Check: installed package size
Result: NOTE
installed size is 6.4Mb
sub-directories of 1Mb or more:
doc 5.4Mb
Flavors: r-oldrel-macos-arm64, r-oldrel-macos-x86_64
Version: 2.3.3
Check: installed package size
Result: NOTE
installed size is 6.9Mb
sub-directories of 1Mb or more:
doc 5.9Mb
Flavor: r-oldrel-windows-x86_64
These binaries (installable software) and packages are in development.
They may not be fully stable and should be used with caution. We make no claims about them.