Last updated on 2025-02-16 12:53:55 CET.
Flavor | Version | Tinstall | Tcheck | Ttotal | Status | Flags |
---|---|---|---|---|---|---|
r-devel-linux-x86_64-debian-clang | 2.3.3 | 7.02 | 140.50 | 147.52 | OK | |
r-devel-linux-x86_64-debian-gcc | 2.3.3 | 5.60 | 110.10 | 115.70 | OK | |
r-devel-linux-x86_64-fedora-clang | 2.3.3 | 251.88 | OK | |||
r-devel-linux-x86_64-fedora-gcc | 2.3.3 | 213.34 | OK | |||
r-devel-macos-arm64 | 2.3.3 | 61.00 | OK | |||
r-devel-macos-x86_64 | 2.3.3 | 100.00 | OK | |||
r-devel-windows-x86_64 | 2.3.3 | 9.00 | 219.00 | 228.00 | OK | |
r-patched-linux-x86_64 | 2.3.3 | 7.82 | 136.12 | 143.94 | OK | |
r-release-linux-x86_64 | 2.3.3 | 7.43 | 136.64 | 144.07 | OK | |
r-release-macos-arm64 | 2.3.3 | 64.00 | NOTE | |||
r-release-macos-x86_64 | 2.3.3 | 125.00 | NOTE | |||
r-release-windows-x86_64 | 2.3.3 | 9.00 | 149.00 | 158.00 | NOTE | |
r-oldrel-macos-arm64 | 2.3.3 | 70.00 | NOTE | |||
r-oldrel-macos-x86_64 | 2.3.3 | 124.00 | NOTE | |||
r-oldrel-windows-x86_64 | 2.3.3 | 11.00 | 339.00 | 350.00 | NOTE |
Version: 2.3.3
Check: installed package size
Result: NOTE
installed size is 6.9Mb
sub-directories of 1Mb or more:
doc 5.9Mb
Flavors: r-release-macos-arm64, r-release-macos-x86_64, r-release-windows-x86_64, r-oldrel-macos-arm64, r-oldrel-macos-x86_64, r-oldrel-windows-x86_64
These binaries (installable software) and packages are in development.
They may not be fully stable and should be used with caution. We make no claims about them.