Last updated on 2025-11-13 19:50:41 CET.
| Flavor | Version | Tinstall | Tcheck | Ttotal | Status | Flags |
|---|---|---|---|---|---|---|
| r-devel-linux-x86_64-debian-clang | 1.1.2 | 30.88 | 233.78 | 264.66 | OK | |
| r-devel-linux-x86_64-debian-gcc | 1.1.2 | 23.91 | 173.71 | 197.62 | OK | |
| r-devel-linux-x86_64-fedora-clang | 1.1.2 | 161.00 | 260.76 | 421.76 | OK | |
| r-devel-linux-x86_64-fedora-gcc | 1.1.2 | 65.00 | 340.28 | 405.28 | OK | |
| r-devel-windows-x86_64 | 1.1.2 | 36.00 | 209.00 | 245.00 | OK | |
| r-patched-linux-x86_64 | 1.1.2 | 32.15 | 220.40 | 252.55 | OK | |
| r-release-linux-x86_64 | 1.1.2 | 29.71 | 221.25 | 250.96 | OK | |
| r-release-macos-arm64 | 1.1.2 | 11.00 | 72.00 | 83.00 | OK | |
| r-release-macos-x86_64 | 1.1.2 | 20.00 | 144.00 | 164.00 | OK | |
| r-release-windows-x86_64 | 1.1.2 | 36.00 | 201.00 | 237.00 | OK | |
| r-oldrel-macos-arm64 | 1.1.2 | 13.00 | 67.00 | 80.00 | OK | |
| r-oldrel-macos-x86_64 | 1.1.2 | 19.00 | 92.00 | 111.00 | OK | |
| r-oldrel-windows-x86_64 | 1.1.2 | 1.00 | 19.00 | 20.00 | ERROR |
Version: 1.1.2
Check: package dependencies
Result: ERROR
Package required but not available: 'semPlot'
See section 'The DESCRIPTION file' in the 'Writing R Extensions'
manual.
Flavor: r-oldrel-windows-x86_64
These binaries (installable software) and packages are in development.
They may not be fully stable and should be used with caution. We make no claims about them.