Last updated on 2025-02-16 10:51:01 CET.
Flavor | Version | Tinstall | Tcheck | Ttotal | Status | Flags |
---|---|---|---|---|---|---|
r-devel-linux-x86_64-debian-clang | 1.7.0 | 102.64 | 360.79 | 463.43 | OK | |
r-devel-linux-x86_64-debian-gcc | 1.7.0 | 70.56 | 220.26 | 290.82 | OK | |
r-devel-linux-x86_64-fedora-clang | 1.7.0 | 927.95 | OK | |||
r-devel-linux-x86_64-fedora-gcc | 1.7.0 | 779.62 | OK | |||
r-devel-macos-arm64 | 1.7.0 | 180.00 | OK | |||
r-devel-macos-x86_64 | 1.7.0 | 448.00 | OK | |||
r-devel-windows-x86_64 | 1.7.0 | 110.00 | 425.00 | 535.00 | OK | |
r-patched-linux-x86_64 | 1.7.0 | 96.57 | 335.34 | 431.91 | NOTE | |
r-release-linux-x86_64 | 1.7.0 | 101.77 | 337.91 | 439.68 | NOTE | |
r-release-macos-arm64 | 1.7.0 | 193.00 | NOTE | |||
r-release-macos-x86_64 | 1.7.0 | 555.00 | NOTE | |||
r-release-windows-x86_64 | 1.7.0 | 111.00 | 384.00 | 495.00 | NOTE | |
r-oldrel-macos-arm64 | 1.7.0 | 237.00 | NOTE | |||
r-oldrel-macos-x86_64 | 1.7.0 | 393.00 | NOTE | |||
r-oldrel-windows-x86_64 | 1.7.0 | 137.00 | 486.00 | 623.00 | NOTE |
Version: 1.7.0
Check: package dependencies
Result: NOTE
Package suggested but not available for checking: ‘gurobi’
Flavors: r-patched-linux-x86_64, r-release-linux-x86_64, r-release-macos-arm64, r-release-macos-x86_64, r-release-windows-x86_64, r-oldrel-macos-arm64, r-oldrel-macos-x86_64, r-oldrel-windows-x86_64
Version: 1.7.0
Check: installed package size
Result: NOTE
installed size is 9.1Mb
sub-directories of 1Mb or more:
libs 6.5Mb
Flavors: r-release-macos-arm64, r-release-macos-x86_64, r-oldrel-macos-arm64, r-oldrel-macos-x86_64
These binaries (installable software) and packages are in development.
They may not be fully stable and should be used with caution. We make no claims about them.