Last updated on 2025-07-22 13:49:26 CEST.
Flavor | Version | Tinstall | Tcheck | Ttotal | Status | Flags |
---|---|---|---|---|---|---|
r-devel-linux-x86_64-debian-clang | 1.7.0 | 106.76 | 362.09 | 468.85 | OK | |
r-devel-linux-x86_64-debian-gcc | 1.7.0 | 68.47 | 233.42 | 301.89 | OK | |
r-devel-linux-x86_64-fedora-clang | 1.7.0 | 840.15 | OK | |||
r-devel-linux-x86_64-fedora-gcc | 1.7.0 | 753.77 | OK | |||
r-devel-windows-x86_64 | 1.7.0 | 119.00 | 371.00 | 490.00 | OK | |
r-patched-linux-x86_64 | 1.7.0 | 107.15 | 346.01 | 453.16 | OK | |
r-release-linux-x86_64 | 1.7.0 | 103.80 | 347.10 | 450.90 | OK | |
r-release-macos-arm64 | 1.7.0 | 310.00 | OK | |||
r-release-macos-x86_64 | 1.7.0 | 404.00 | OK | |||
r-release-windows-x86_64 | 1.7.0 | 116.00 | 384.00 | 500.00 | OK | |
r-oldrel-macos-arm64 | 1.7.0 | 193.00 | NOTE | |||
r-oldrel-macos-x86_64 | 1.7.0 | 555.00 | NOTE | |||
r-oldrel-windows-x86_64 | 1.7.0 | 148.00 | 519.00 | 667.00 | NOTE |
Version: 1.7.0
Check: package dependencies
Result: NOTE
Package suggested but not available for checking: ‘gurobi’
Flavors: r-oldrel-macos-arm64, r-oldrel-macos-x86_64, r-oldrel-windows-x86_64
Version: 1.7.0
Check: installed package size
Result: NOTE
installed size is 9.1Mb
sub-directories of 1Mb or more:
libs 6.5Mb
Flavors: r-oldrel-macos-arm64, r-oldrel-macos-x86_64
These binaries (installable software) and packages are in development.
They may not be fully stable and should be used with caution. We make no claims about them.