CRAN Package Check Results for Package TestScorer

Last updated on 2025-11-11 15:50:50 CET.

Flavor Version Tinstall Tcheck Ttotal Status Flags
r-devel-linux-x86_64-debian-clang 1.7.2 5.10 33.42 38.52 NOTE
r-devel-linux-x86_64-debian-gcc 1.7.2 4.60 34.34 38.94 NOTE
r-devel-linux-x86_64-fedora-clang 1.7.2 13.00 45.74 58.74 OK
r-devel-linux-x86_64-fedora-gcc 1.7.2 11.00 48.46 59.46 OK
r-devel-windows-x86_64 1.7.2 6.00 43.00 49.00 OK
r-patched-linux-x86_64 1.7.2 4.39 27.26 31.65 OK
r-release-linux-x86_64 1.7.2 4.75 26.80 31.55 OK
r-release-macos-arm64 1.7.2 6.00 23.00 29.00 OK
r-release-macos-x86_64 1.7.2 7.00 31.00 38.00 OK
r-release-windows-x86_64 1.7.2 5.00 41.00 46.00 OK
r-oldrel-macos-arm64 1.7.2 3.00 21.00 24.00 OK
r-oldrel-macos-x86_64 1.7.2 4.00 27.00 31.00 OK
r-oldrel-windows-x86_64 1.7.2 4.00 43.00 47.00 OK

Check Details

Version: 1.7.2
Check: CRAN incoming feasibility
Result: NOTE Maintainer: ‘Manel Salamero <manelsalamero@gmail.com>’ No Authors@R field in DESCRIPTION. Please add one, modifying Authors@R: person(given = "Manel", family = "Salamero", role = c("aut", "cre"), email = "manelsalamero@gmail.com") as necessary. Flavors: r-devel-linux-x86_64-debian-clang, r-devel-linux-x86_64-debian-gcc

These binaries (installable software) and packages are in development.
They may not be fully stable and should be used with caution. We make no claims about them.