Last updated on 2025-05-22 03:50:53 CEST.
Flavor | Version | Tinstall | Tcheck | Ttotal | Status | Flags |
---|---|---|---|---|---|---|
r-devel-linux-x86_64-debian-clang | 1.1 | 5.31 | 46.51 | 51.82 | NOTE | |
r-devel-linux-x86_64-debian-gcc | 1.1 | 3.88 | 33.63 | 37.51 | NOTE | |
r-devel-linux-x86_64-fedora-clang | 1.1 | 79.59 | OK | |||
r-devel-linux-x86_64-fedora-gcc | 1.1 | 76.00 | OK | |||
r-devel-windows-x86_64 | 1.1 | 8.00 | 95.00 | 103.00 | OK | |
r-patched-linux-x86_64 | 1.1 | 4.98 | 44.18 | 49.16 | OK | |
r-release-linux-x86_64 | 1.1 | 4.69 | 42.94 | 47.63 | OK | |
r-release-macos-arm64 | 1.1 | 27.00 | OK | |||
r-release-macos-x86_64 | 1.1 | 41.00 | OK | |||
r-release-windows-x86_64 | 1.1 | 8.00 | 77.00 | 85.00 | OK | |
r-oldrel-macos-arm64 | 1.1 | 23.00 | NOTE | |||
r-oldrel-macos-x86_64 | 1.1 | 36.00 | NOTE | |||
r-oldrel-windows-x86_64 | 1.1 | 10.00 | 74.00 | 84.00 | NOTE |
Version: 1.1
Check: CRAN incoming feasibility
Result: NOTE
Maintainer: ‘Kathrin Moellenhoff <kathrin.moellenhoff@rub.de>’
No Authors@R field in DESCRIPTION.
Please add one, modifying
Authors@R: person(given = "Kathrin",
family = "Moellenhoff",
role = c("aut", "cre"),
email = "kathrin.moellenhoff@rub.de")
as necessary.
Found the following URLs which should use \doi (with the DOI name only):
File ‘bootstrap_test.Rd’:
https://doi.org/10.1080/01621459.2017.1281813
Flavors: r-devel-linux-x86_64-debian-clang, r-devel-linux-x86_64-debian-gcc
Version: 1.1
Check: LazyData
Result: NOTE
'LazyData' is specified without a 'data' directory
Flavors: r-oldrel-macos-arm64, r-oldrel-macos-x86_64, r-oldrel-windows-x86_64
These binaries (installable software) and packages are in development.
They may not be fully stable and should be used with caution. We make no claims about them.