CRAN Package Check Results for Package TestsSymmetry

Last updated on 2025-10-23 17:51:05 CEST.

Flavor Version Tinstall Tcheck Ttotal Status Flags
r-devel-linux-x86_64-debian-clang 1.0.0 11.84 28.06 39.90 NOTE
r-devel-linux-x86_64-debian-gcc 1.0.0 8.77 22.43 31.20 OK
r-devel-linux-x86_64-fedora-clang 1.0.0 23.00 42.13 65.13 NOTE
r-devel-linux-x86_64-fedora-gcc 1.0.0 30.00 30.46 60.46 NOTE
r-devel-windows-x86_64 1.0.0 16.00 57.00 73.00 OK
r-patched-linux-x86_64 1.0.0 10.52 25.65 36.17 OK
r-release-linux-x86_64 1.0.0 12.50 25.64 38.14 OK
r-release-macos-arm64 1.0.0 6.00 21.00 27.00 OK
r-release-macos-x86_64 1.0.0 9.00 26.00 35.00 OK
r-release-windows-x86_64 1.0.0 17.00 64.00 81.00 OK
r-oldrel-macos-arm64 1.0.0 7.00 16.00 23.00 OK
r-oldrel-macos-x86_64 1.0.0 7.00 25.00 32.00 OK
r-oldrel-windows-x86_64 1.0.0 19.00 71.00 90.00 OK

Check Details

Version: 1.0.0
Check: HTML version of manual
Result: NOTE Found the following HTML validation problems: get_quant_H0.html:46:1 (get_quant_H0.Rd:10): Warning: missing </ul> before </div> Flavor: r-devel-linux-x86_64-debian-clang

Version: 1.0.0
Check: dependencies in R code
Result: NOTE Namespace in Imports field not imported from: ‘MASS’ All declared Imports should be used. Flavors: r-devel-linux-x86_64-fedora-clang, r-devel-linux-x86_64-fedora-gcc

These binaries (installable software) and packages are in development.
They may not be fully stable and should be used with caution. We make no claims about them.