Last updated on 2025-11-13 07:51:10 CET.
| Flavor | Version | Tinstall | Tcheck | Ttotal | Status | Flags |
|---|---|---|---|---|---|---|
| r-devel-linux-x86_64-debian-clang | 1.0.0 | 11.76 | 28.00 | 39.76 | OK | |
| r-devel-linux-x86_64-debian-gcc | 1.0.0 | 8.29 | 22.65 | 30.94 | OK | |
| r-devel-linux-x86_64-fedora-clang | 1.0.0 | 24.00 | 39.28 | 63.28 | NOTE | |
| r-devel-linux-x86_64-fedora-gcc | 1.0.0 | 27.00 | 36.43 | 63.43 | NOTE | |
| r-devel-windows-x86_64 | 1.0.0 | 16.00 | 59.00 | 75.00 | OK | |
| r-patched-linux-x86_64 | 1.0.0 | 11.97 | 25.62 | 37.59 | OK | |
| r-release-linux-x86_64 | 1.0.0 | 11.87 | 25.60 | 37.47 | OK | |
| r-release-macos-arm64 | 1.0.0 | 6.00 | 21.00 | 27.00 | OK | |
| r-release-macos-x86_64 | 1.0.0 | 9.00 | 26.00 | 35.00 | OK | |
| r-release-windows-x86_64 | 1.0.0 | 17.00 | 64.00 | 81.00 | OK | |
| r-oldrel-macos-arm64 | 1.0.0 | 7.00 | 16.00 | 23.00 | OK | |
| r-oldrel-macos-x86_64 | 1.0.0 | 7.00 | 25.00 | 32.00 | OK | |
| r-oldrel-windows-x86_64 | 1.0.0 | 19.00 | 73.00 | 92.00 | OK |
Version: 1.0.0
Check: dependencies in R code
Result: NOTE
Namespace in Imports field not imported from: ‘MASS’
All declared Imports should be used.
Flavors: r-devel-linux-x86_64-fedora-clang, r-devel-linux-x86_64-fedora-gcc
These binaries (installable software) and packages are in development.
They may not be fully stable and should be used with caution. We make no claims about them.