Last updated on 2025-05-08 04:52:21 CEST.
Flavor | Version | Tinstall | Tcheck | Ttotal | Status | Flags |
---|---|---|---|---|---|---|
r-devel-linux-x86_64-debian-clang | 1.0.0 | 11.71 | 26.64 | 38.35 | OK | |
r-devel-linux-x86_64-debian-gcc | 1.0.0 | 9.07 | 21.47 | 30.54 | OK | |
r-devel-linux-x86_64-fedora-clang | 1.0.0 | 62.89 | NOTE | |||
r-devel-linux-x86_64-fedora-gcc | 1.0.0 | 62.45 | NOTE | |||
r-devel-windows-x86_64 | 1.0.0 | 16.00 | 59.00 | 75.00 | OK | |
r-patched-linux-x86_64 | 1.0.0 | 12.40 | 24.31 | 36.71 | OK | |
r-release-linux-x86_64 | 1.0.0 | 12.36 | 24.81 | 37.17 | OK | |
r-release-macos-arm64 | 1.0.0 | 27.00 | OK | |||
r-release-macos-x86_64 | 1.0.0 | 35.00 | OK | |||
r-release-windows-x86_64 | 1.0.0 | 17.00 | 71.00 | 88.00 | OK | |
r-oldrel-macos-arm64 | 1.0.0 | 23.00 | OK | |||
r-oldrel-macos-x86_64 | 1.0.0 | 32.00 | OK | |||
r-oldrel-windows-x86_64 | 1.0.0 | 18.00 | 72.00 | 90.00 | OK |
Version: 1.0.0
Check: dependencies in R code
Result: NOTE
Namespace in Imports field not imported from: ‘MASS’
All declared Imports should be used.
Flavors: r-devel-linux-x86_64-fedora-clang, r-devel-linux-x86_64-fedora-gcc
These binaries (installable software) and packages are in development.
They may not be fully stable and should be used with caution. We make no claims about them.