Last updated on 2025-02-16 12:53:55 CET.
Flavor | Version | Tinstall | Tcheck | Ttotal | Status | Flags |
---|---|---|---|---|---|---|
r-devel-linux-x86_64-debian-clang | 0.2.0 | 1.80 | 20.32 | 22.12 | OK | |
r-devel-linux-x86_64-debian-gcc | 0.2.0 | 1.38 | 16.54 | 17.92 | OK | |
r-devel-linux-x86_64-fedora-clang | 0.2.0 | 37.04 | OK | |||
r-devel-linux-x86_64-fedora-gcc | 0.2.0 | 47.88 | OK | |||
r-devel-macos-arm64 | 0.2.0 | 22.00 | OK | |||
r-devel-macos-x86_64 | 0.2.0 | 38.00 | OK | |||
r-devel-windows-x86_64 | 0.2.0 | 3.00 | 48.00 | 51.00 | OK | |
r-patched-linux-x86_64 | 0.2.0 | 1.77 | 19.26 | 21.03 | NOTE | |
r-release-linux-x86_64 | 0.2.0 | 1.75 | 20.05 | 21.80 | NOTE | |
r-release-macos-arm64 | 0.2.0 | 20.00 | NOTE | |||
r-release-macos-x86_64 | 0.2.0 | 31.00 | NOTE | |||
r-release-windows-x86_64 | 0.2.0 | 4.00 | 43.00 | 47.00 | NOTE | |
r-oldrel-macos-arm64 | 0.2.0 | 25.00 | NOTE | |||
r-oldrel-macos-x86_64 | 0.2.0 | 30.00 | NOTE | |||
r-oldrel-windows-x86_64 | 0.2.0 | 4.00 | 69.00 | 73.00 | NOTE |
Version: 0.2.0
Check: LazyData
Result: NOTE
'LazyData' is specified without a 'data' directory
Flavors: r-patched-linux-x86_64, r-release-linux-x86_64, r-release-macos-arm64, r-release-macos-x86_64, r-release-windows-x86_64, r-oldrel-macos-arm64, r-oldrel-macos-x86_64, r-oldrel-windows-x86_64
These binaries (installable software) and packages are in development.
They may not be fully stable and should be used with caution. We make no claims about them.