Last updated on 2025-07-02 01:51:53 CEST.
Flavor | Version | Tinstall | Tcheck | Ttotal | Status | Flags |
---|---|---|---|---|---|---|
r-devel-linux-x86_64-debian-clang | 0.1.2 | 6.82 | 111.40 | 118.22 | OK | |
r-devel-linux-x86_64-debian-gcc | 0.1.2 | 4.37 | 75.35 | 79.72 | OK | |
r-devel-linux-x86_64-fedora-clang | 0.1.2 | 182.60 | NOTE | |||
r-devel-linux-x86_64-fedora-gcc | 0.1.2 | 184.81 | NOTE | |||
r-devel-windows-x86_64 | 0.1.2 | 8.00 | 106.00 | 114.00 | OK | |
r-patched-linux-x86_64 | OK | |||||
r-release-linux-x86_64 | 0.1.2 | 6.38 | 101.75 | 108.13 | OK | |
r-release-macos-arm64 | 0.1.2 | 51.00 | OK | |||
r-release-macos-x86_64 | 0.1.2 | 116.00 | OK | |||
r-release-windows-x86_64 | 0.1.2 | 8.00 | 109.00 | 117.00 | OK | |
r-oldrel-macos-arm64 | 0.1.2 | 52.00 | OK | |||
r-oldrel-macos-x86_64 | 0.1.2 | 84.00 | OK | |||
r-oldrel-windows-x86_64 | 0.1.2 | 11.00 | 150.00 | 161.00 | OK |
Version: 0.1.2
Check: dependencies in R code
Result: NOTE
Namespaces in Imports field not imported from:
‘MASS’ ‘base’ ‘graphics’ ‘janitor’ ‘rlang’ ‘testthat’ ‘utils’
All declared Imports should be used.
Flavors: r-devel-linux-x86_64-fedora-clang, r-devel-linux-x86_64-fedora-gcc
These binaries (installable software) and packages are in development.
They may not be fully stable and should be used with caution. We make no claims about them.