CRAN Package Check Results for Package ThreeWiseMonkeys

Last updated on 2025-07-25 01:49:42 CEST.

Flavor Version Tinstall Tcheck Ttotal Status Flags
r-devel-linux-x86_64-debian-clang 0.1.0 3.84 34.87 38.71 OK
r-devel-linux-x86_64-debian-gcc 0.1.0 2.16 26.75 28.91 OK
r-devel-linux-x86_64-fedora-clang 0.1.0 58.76 OK
r-devel-linux-x86_64-fedora-gcc 0.1.0 56.53 OK
r-devel-windows-x86_64 0.1.0 5.00 53.00 58.00 OK
r-patched-linux-x86_64 0.1.0 3.25 32.93 36.18 OK
r-release-linux-x86_64 0.1.0 3.48 32.96 36.44 OK
r-release-macos-arm64 0.1.0 30.00 OK
r-release-macos-x86_64 0.1.0 39.00 OK
r-release-windows-x86_64 0.1.0 5.00 58.00 63.00 OK
r-oldrel-macos-arm64 0.1.0 21.00 NOTE
r-oldrel-macos-x86_64 0.1.0 30.00 NOTE
r-oldrel-windows-x86_64 0.1.0 7.00 57.00 64.00 NOTE

Check Details

Version: 0.1.0
Check: LazyData
Result: NOTE 'LazyData' is specified without a 'data' directory Flavors: r-oldrel-macos-arm64, r-oldrel-macos-x86_64, r-oldrel-windows-x86_64

These binaries (installable software) and packages are in development.
They may not be fully stable and should be used with caution. We make no claims about them.