Last updated on 2025-02-16 10:51:01 CET.
Flavor | Version | Tinstall | Tcheck | Ttotal | Status | Flags |
---|---|---|---|---|---|---|
r-devel-linux-x86_64-debian-clang | 1.1.4 | 8.95 | 97.50 | 106.45 | NOTE | |
r-devel-linux-x86_64-debian-gcc | 1.1.4 | 7.17 | 71.58 | 78.75 | NOTE | |
r-devel-linux-x86_64-fedora-clang | 1.1.4 | 180.87 | OK | |||
r-devel-linux-x86_64-fedora-gcc | 1.1.4 | 175.76 | OK | |||
r-devel-macos-arm64 | 1.1.4 | 59.00 | OK | |||
r-devel-macos-x86_64 | 1.1.4 | 109.00 | OK | |||
r-devel-windows-x86_64 | 1.1.4 | 12.00 | 129.00 | 141.00 | NOTE | |
r-patched-linux-x86_64 | 1.1.4 | 13.41 | 92.23 | 105.64 | OK | |
r-release-linux-x86_64 | 1.1.4 | 9.18 | 90.95 | 100.13 | OK | |
r-release-macos-arm64 | 1.1.4 | 58.00 | OK | |||
r-release-macos-x86_64 | 1.1.4 | 89.00 | OK | |||
r-release-windows-x86_64 | 1.1.4 | 12.00 | 116.00 | 128.00 | OK | |
r-oldrel-macos-arm64 | 1.1.4 | 64.00 | OK | |||
r-oldrel-macos-x86_64 | 1.1.4 | 162.00 | OK | |||
r-oldrel-windows-x86_64 | 1.1.4 | 15.00 | 156.00 | 171.00 | OK |
Version: 1.1.4
Check: Rd cross-references
Result: NOTE
Found the following Rd file(s) with Rd \link{} targets missing package
anchors:
Reaper-class.Rd: distanceMatrix, PCDimension
SimThresher-class.Rd: AuerGervini
Thresher-class.Rd: distanceMatrix, AuerGervini, PCDimension,
AuerGervini-class
matchLabels.Rd: distanceMatrix
Please provide package anchors for all Rd \link{} targets not in the
package itself and the base packages.
Flavors: r-devel-linux-x86_64-debian-clang, r-devel-linux-x86_64-debian-gcc, r-devel-windows-x86_64
These binaries (installable software) and packages are in development.
They may not be fully stable and should be used with caution. We make no claims about them.