Last updated on 2024-07-27 15:50:36 CEST.
Flavor | Version | Tinstall | Tcheck | Ttotal | Status | Flags |
---|---|---|---|---|---|---|
r-devel-linux-x86_64-debian-clang | 1.2.3 | 39.56 | 396.68 | 436.24 | OK | |
r-devel-linux-x86_64-debian-gcc | 1.2.3 | OK | ||||
r-devel-linux-x86_64-fedora-clang | 1.2.3 | 591.15 | OK | |||
r-devel-linux-x86_64-fedora-gcc | 1.2.3 | 550.36 | OK | |||
r-devel-windows-x86_64 | 1.2.3 | 36.00 | 367.00 | 403.00 | OK | |
r-patched-linux-x86_64 | 1.2.3 | OK | ||||
r-release-linux-x86_64 | 1.2.3 | 35.77 | 410.58 | 446.35 | OK | |
r-release-macos-arm64 | 1.2.3 | 165.00 | NOTE | |||
r-release-macos-x86_64 | 1.2.3 | 264.00 | NOTE | |||
r-release-windows-x86_64 | 1.2.3 | 47.00 | 398.00 | 445.00 | OK | |
r-oldrel-macos-arm64 | 1.2.3 | 186.00 | NOTE | |||
r-oldrel-macos-x86_64 | 1.2.3 | 439.00 | NOTE | |||
r-oldrel-windows-x86_64 | 1.2.3 | 43.00 | 480.00 | 523.00 | OK |
Version: 1.2.3
Check: installed package size
Result: NOTE
installed size is 5.8Mb
sub-directories of 1Mb or more:
doc 1.7Mb
libs 3.5Mb
Flavors: r-release-macos-arm64, r-release-macos-x86_64, r-oldrel-macos-arm64, r-oldrel-macos-x86_64
These binaries (installable software) and packages are in development.
They may not be fully stable and should be used with caution. We make no claims about them.