Last updated on 2025-02-16 10:51:01 CET.
Flavor | Version | Tinstall | Tcheck | Ttotal | Status | Flags |
---|---|---|---|---|---|---|
r-devel-linux-x86_64-debian-clang | 0.1.1 | 2.37 | 34.58 | 36.95 | OK | |
r-devel-linux-x86_64-debian-gcc | 0.1.1 | 1.93 | 27.62 | 29.55 | OK | |
r-devel-linux-x86_64-fedora-clang | 0.1.1 | 60.32 | NOTE | |||
r-devel-linux-x86_64-fedora-gcc | 0.1.1 | 69.21 | NOTE | |||
r-devel-macos-arm64 | 0.1.1 | 31.00 | OK | |||
r-devel-macos-x86_64 | 0.1.1 | 49.00 | OK | |||
r-devel-windows-x86_64 | 0.1.1 | 7.00 | 54.00 | 61.00 | OK | |
r-patched-linux-x86_64 | 0.1.1 | 2.56 | 32.40 | 34.96 | OK | |
r-release-linux-x86_64 | 0.1.1 | 2.47 | 33.02 | 35.49 | OK | |
r-release-macos-arm64 | 0.1.1 | 29.00 | OK | |||
r-release-macos-x86_64 | 0.1.1 | 67.00 | OK | |||
r-release-windows-x86_64 | 0.1.1 | 5.00 | 55.00 | 60.00 | OK | |
r-oldrel-macos-arm64 | 0.1.1 | 37.00 | OK | |||
r-oldrel-macos-x86_64 | 0.1.1 | 71.00 | OK | |||
r-oldrel-windows-x86_64 | 0.1.1 | 6.00 | 88.00 | 94.00 | OK |
Version: 0.1.1
Check: dependencies in R code
Result: NOTE
Namespaces in Imports field not imported from:
‘Ckmeans.1d.dp’ ‘autostats’ ‘badger’ ‘framecleaner’ ‘presenter’
‘tidybins’ ‘validata’
All declared Imports should be used.
Flavors: r-devel-linux-x86_64-fedora-clang, r-devel-linux-x86_64-fedora-gcc
These binaries (installable software) and packages are in development.
They may not be fully stable and should be used with caution. We make no claims about them.